{"id":120,"date":"2016-01-14T00:55:27","date_gmt":"2016-01-14T00:55:27","guid":{"rendered":"http:\/\/tacambaro.gob.mx\/?page_id=120"},"modified":"2025-09-25T21:42:54","modified_gmt":"2025-09-25T21:42:54","slug":"desarrollo-social","status":"publish","type":"page","link":"https:\/\/tacambaro.gob.mx\/?page_id=120","title":{"rendered":"Direcci\u00f3n de Desarrollo social"},"content":{"rendered":"\t\t<div data-elementor-type=\"wp-page\" data-elementor-id=\"120\" class=\"elementor elementor-120\">\n\t\t\t\t<div class=\"elementor-element elementor-element-80c5c74 e-flex e-con-boxed e-con e-parent\" data-id=\"80c5c74\" data-element_type=\"container\" data-e-type=\"container\" data-settings=\"{&quot;background_background&quot;:&quot;classic&quot;,&quot;shape_divider_bottom&quot;:&quot;mountains&quot;}\">\n\t\t\t\t\t<div class=\"e-con-inner\">\n\t\t\t\t<div class=\"elementor-shape elementor-shape-bottom\" aria-hidden=\"true\" data-negative=\"false\">\n\t\t\t<svg xmlns=\"http:\/\/www.w3.org\/2000\/svg\" viewBox=\"0 0 1000 100\" preserveAspectRatio=\"none\">\n\t<path class=\"elementor-shape-fill\" opacity=\"0.33\" d=\"M473,67.3c-203.9,88.3-263.1-34-320.3,0C66,119.1,0,59.7,0,59.7V0h1000v59.7 c0,0-62.1,26.1-94.9,29.3c-32.8,3.3-62.8-12.3-75.8-22.1C806,49.6,745.3,8.7,694.9,4.7S492.4,59,473,67.3z\"\/>\n\t<path class=\"elementor-shape-fill\" opacity=\"0.66\" d=\"M734,67.3c-45.5,0-77.2-23.2-129.1-39.1c-28.6-8.7-150.3-10.1-254,39.1 s-91.7-34.4-149.2,0C115.7,118.3,0,39.8,0,39.8V0h1000v36.5c0,0-28.2-18.5-92.1-18.5C810.2,18.1,775.7,67.3,734,67.3z\"\/>\n\t<path class=\"elementor-shape-fill\" d=\"M766.1,28.9c-200-57.5-266,65.5-395.1,19.5C242,1.8,242,5.4,184.8,20.6C128,35.8,132.3,44.9,89.9,52.5C28.6,63.7,0,0,0,0 h1000c0,0-9.9,40.9-83.6,48.1S829.6,47,766.1,28.9z\"\/>\n<\/svg>\t\t<\/div>\n\t\t<div class=\"elementor-element elementor-element-cd94a1f e-con-full e-flex e-con e-child\" data-id=\"cd94a1f\" data-element_type=\"container\" data-e-type=\"container\">\n\t\t\t\t<div class=\"elementor-element elementor-element-6463a85 elementor-widget elementor-widget-heading\" data-id=\"6463a85\" data-element_type=\"widget\" data-e-type=\"widget\" data-widget_type=\"heading.default\">\n\t\t\t\t<div class=\"elementor-widget-container\">\n\t\t\t\t\t<h2 class=\"elementor-heading-title elementor-size-default\">Direcci\u00f3n de Desarrollo Social<\/h2>\t\t\t\t<\/div>\n\t\t\t\t<\/div>\n\t\t\t\t<\/div>\n\t\t\t\t\t<\/div>\n\t\t\t\t<\/div>\n\t\t<div class=\"elementor-element elementor-element-99192de e-flex e-con-boxed e-con e-parent\" data-id=\"99192de\" data-element_type=\"container\" data-e-type=\"container\">\n\t\t\t\t\t<div class=\"e-con-inner\">\n\t\t\t\t<div class=\"elementor-element elementor-element-761ab9c elementor-widget__width-initial elementor-widget elementor-widget-image\" data-id=\"761ab9c\" data-element_type=\"widget\" data-e-type=\"widget\" data-widget_type=\"image.default\">\n\t\t\t\t<div class=\"elementor-widget-container\">\n\t\t\t\t\t\t\t\t\t\t\t\t\t\t\t<img fetchpriority=\"high\" decoding=\"async\" width=\"923\" height=\"616\" src=\"https:\/\/tacambaro.gob.mx\/wp-content\/uploads\/2025\/04\/WhatsApp-Image-2025-04-02-at-1.12.16-PM-1024x683.jpeg\" class=\"attachment-large size-large wp-image-17680\" alt=\"\" \/>\t\t\t\t\t\t\t\t\t\t\t\t\t\t\t<\/div>\n\t\t\t\t<\/div>\n\t\t\t\t<div class=\"elementor-element elementor-element-86f1bf8 elementor-widget elementor-widget-text-editor\" data-id=\"86f1bf8\" data-element_type=\"widget\" data-e-type=\"widget\" data-widget_type=\"text-editor.default\">\n\t\t\t\t<div class=\"elementor-widget-container\">\n\t\t\t\t\t\t\t\t\t<p>C. Ahtziri Nathai Aguilar Rivas <br>\n<strong>Directora de Desarrollo Social<\/strong><\/p> \t\t\t\t\t\t\t\t<\/div>\n\t\t\t\t<\/div>\n\t\t\t\t<div class=\"elementor-element elementor-element-2bf0b99 elementor-widget elementor-widget-text-editor\" data-id=\"2bf0b99\" data-element_type=\"widget\" data-e-type=\"widget\" data-widget_type=\"text-editor.default\">\n\t\t\t\t<div class=\"elementor-widget-container\">\n\t\t\t\t\t\t\t\t\tEje de participaci\u00f3n ciudadana y cohesi\u00f3n comunitaria, la Direcci\u00f3n de Desarrollo Social impulsa pol\u00edticas y programas que fortalecen el tejido social de Tac\u00e1mbaro. De acuerdo con el Reglamento Interno de Organizaci\u00f3n de la Administraci\u00f3n Municipal, su titular planifica, coordina y eval\u00faa acciones para mejorar las condiciones de vida en barrios, comunidades rurales y tenencias. Supervisa el Departamento de Atenci\u00f3n al Migrante, el Departamento de Deporte y el Instituto de la Juventud Tacambarense, articulando esfuerzos para brindar oportunidades de inclusi\u00f3n, recreaci\u00f3n y desarrollo integral. Gestiona recursos estatales y federales para proyectos de infraestructura social, becas, actividades culturales y programas de apoyo a grupos en situaci\u00f3n de vulnerabilidad. Promueve el voluntariado, organiza talleres de capacitaci\u00f3n y fomenta el liderazgo juvenil y comunitario, asegurando que la ciudadan\u00eda participe activamente en la definici\u00f3n de prioridades locales. Su alcance abarca desde la atenci\u00f3n directa a familias hasta la creaci\u00f3n de pol\u00edticas p\u00fablicas que garanticen bienestar, equidad y participaci\u00f3n en todo el municipio.\n\t\t\t\t\t\t\t\t<\/div>\n\t\t\t\t<\/div>\n\t\t\t\t\t<\/div>\n\t\t\t\t<\/div>\n\t\t\t\t<\/div>\n\t\t","protected":false},"excerpt":{"rendered":"<p>Direcci\u00f3n de Desarrollo Social C. Ahtziri Nathai Aguilar Rivas Directora de Desarrollo Social Eje de participaci\u00f3n ciudadana y cohesi\u00f3n comunitaria, la Direcci\u00f3n de Desarrollo Social impulsa pol\u00edticas y programas que fortalecen el tejido social de Tac\u00e1mbaro. De acuerdo con el Reglamento Interno de Organizaci\u00f3n de la Administraci\u00f3n Municipal, su titular planifica, coordina y eval\u00faa acciones&hellip;<\/p>\n","protected":false},"author":1,"featured_media":0,"parent":0,"menu_order":0,"comment_status":"closed","ping_status":"closed","template":"","meta":{"om_disable_all_campaigns":false,"_monsterinsights_skip_tracking":false,"_monsterinsights_sitenote_active":false,"_monsterinsights_sitenote_note":"","_monsterinsights_sitenote_category":0,"footnotes":""},"class_list":["post-120","page","type-page","status-publish","hentry"],"aioseo_notices":[],"rttpg_featured_image_url":null,"rttpg_author":{"display_name":"H. AYUNTAMIENTO DE TACAMBARO","author_link":"https:\/\/tacambaro.gob.mx\/?author=1"},"rttpg_comment":0,"rttpg_category":null,"rttpg_excerpt":"Direcci\u00f3n de Desarrollo Social C. Ahtziri Nathai Aguilar Rivas Directora de Desarrollo Social Eje de participaci\u00f3n ciudadana y cohesi\u00f3n comunitaria, la Direcci\u00f3n de Desarrollo Social impulsa pol\u00edticas y programas que fortalecen el tejido social de Tac\u00e1mbaro. De acuerdo con el Reglamento Interno de Organizaci\u00f3n de la Administraci\u00f3n Municipal, su titular planifica, coordina y eval\u00faa acciones&hellip;","_links":{"self":[{"href":"https:\/\/tacambaro.gob.mx\/index.php?rest_route=\/wp\/v2\/pages\/120","targetHints":{"allow":["GET"]}}],"collection":[{"href":"https:\/\/tacambaro.gob.mx\/index.php?rest_route=\/wp\/v2\/pages"}],"about":[{"href":"https:\/\/tacambaro.gob.mx\/index.php?rest_route=\/wp\/v2\/types\/page"}],"author":[{"embeddable":true,"href":"https:\/\/tacambaro.gob.mx\/index.php?rest_route=\/wp\/v2\/users\/1"}],"replies":[{"embeddable":true,"href":"https:\/\/tacambaro.gob.mx\/index.php?rest_route=%2Fwp%2Fv2%2Fcomments&post=120"}],"version-history":[{"count":19,"href":"https:\/\/tacambaro.gob.mx\/index.php?rest_route=\/wp\/v2\/pages\/120\/revisions"}],"predecessor-version":[{"id":19986,"href":"https:\/\/tacambaro.gob.mx\/index.php?rest_route=\/wp\/v2\/pages\/120\/revisions\/19986"}],"wp:attachment":[{"href":"https:\/\/tacambaro.gob.mx\/index.php?rest_route=%2Fwp%2Fv2%2Fmedia&parent=120"}],"curies":[{"name":"wp","href":"https:\/\/api.w.org\/{rel}","templated":true}]}}