{"id":15274,"date":"2024-01-31T19:59:35","date_gmt":"2024-01-31T19:59:35","guid":{"rendered":"https:\/\/tacambaro.gob.mx\/?page_id=15274"},"modified":"2025-04-23T17:38:14","modified_gmt":"2025-04-23T17:38:14","slug":"legislacion-vigente","status":"publish","type":"page","link":"https:\/\/tacambaro.gob.mx\/?page_id=15274","title":{"rendered":"Legislaci\u00f3n Municipal Vigente"},"content":{"rendered":"\t\t<div data-elementor-type=\"wp-page\" data-elementor-id=\"15274\" class=\"elementor elementor-15274\">\n\t\t\t\t<div class=\"elementor-element elementor-element-53dec99 e-flex e-con-boxed e-con e-parent\" data-id=\"53dec99\" data-element_type=\"container\" data-e-type=\"container\" data-settings=\"{&quot;shape_divider_bottom&quot;:&quot;mountains&quot;}\">\n\t\t\t\t\t<div class=\"e-con-inner\">\n\t\t\t\t<div class=\"elementor-shape elementor-shape-bottom\" aria-hidden=\"true\" data-negative=\"false\">\n\t\t\t<svg xmlns=\"http:\/\/www.w3.org\/2000\/svg\" viewBox=\"0 0 1000 100\" preserveAspectRatio=\"none\">\n\t<path class=\"elementor-shape-fill\" opacity=\"0.33\" d=\"M473,67.3c-203.9,88.3-263.1-34-320.3,0C66,119.1,0,59.7,0,59.7V0h1000v59.7 c0,0-62.1,26.1-94.9,29.3c-32.8,3.3-62.8-12.3-75.8-22.1C806,49.6,745.3,8.7,694.9,4.7S492.4,59,473,67.3z\"\/>\n\t<path class=\"elementor-shape-fill\" opacity=\"0.66\" d=\"M734,67.3c-45.5,0-77.2-23.2-129.1-39.1c-28.6-8.7-150.3-10.1-254,39.1 s-91.7-34.4-149.2,0C115.7,118.3,0,39.8,0,39.8V0h1000v36.5c0,0-28.2-18.5-92.1-18.5C810.2,18.1,775.7,67.3,734,67.3z\"\/>\n\t<path class=\"elementor-shape-fill\" d=\"M766.1,28.9c-200-57.5-266,65.5-395.1,19.5C242,1.8,242,5.4,184.8,20.6C128,35.8,132.3,44.9,89.9,52.5C28.6,63.7,0,0,0,0 h1000c0,0-9.9,40.9-83.6,48.1S829.6,47,766.1,28.9z\"\/>\n<\/svg>\t\t<\/div>\n\t\t\t\t<div class=\"elementor-element elementor-element-8d21119 elementor-widget elementor-widget-heading\" data-id=\"8d21119\" data-element_type=\"widget\" data-e-type=\"widget\" data-widget_type=\"heading.default\">\n\t\t\t\t<div class=\"elementor-widget-container\">\n\t\t\t\t\t<h2 class=\"elementor-heading-title elementor-size-default\">Legislaci\u00f3n Municipal Vigente<\/h2>\t\t\t\t<\/div>\n\t\t\t\t<\/div>\n\t\t\t\t\t<\/div>\n\t\t\t\t<\/div>\n\t\t<div class=\"elementor-element elementor-element-9588f7f e-flex e-con-boxed e-con e-parent\" data-id=\"9588f7f\" data-element_type=\"container\" data-e-type=\"container\">\n\t\t\t\t\t<div class=\"e-con-inner\">\n\t\t\t\t<div class=\"elementor-element elementor-element-219d36b8 elementor-widget elementor-widget-text-editor\" data-id=\"219d36b8\" data-element_type=\"widget\" data-e-type=\"widget\" data-widget_type=\"text-editor.default\">\n\t\t\t\t<div class=\"elementor-widget-container\">\n\t\t\t\t\t\t\t\t\t<p><ul><li><a href=\"https:\/\/tacambaro.gob.mx\/wp-content\/uploads\/2024\/01\/Bando-de-Gobierno-y-Organigrama-Tacambaro-22-mar-22.pdf\"><span style=\"color: #191919;\">Bando de Gobierno H. Ayuntamiento de Tac\u00e1mbaro de Codallos, Mich.<\/span><\/a><\/li><li><a href=\"https:\/\/celem.michoacan.gob.mx\/destino\/2022\/O-18596_1651186863_CODIGO%20ETICA%20TACAMBARO.pdf\" rel=\"noopener noreferrer\" target=\"_blank\"><span style=\"color: #191919;\"> C\u00f3digo de \u00e9tica<\/span><\/a><\/li><li><a href=\"https:\/\/celem.michoacan.gob.mx\/destino\/2022\/O-18596_1651186863_CODIGO%20ETICA%20TACAMBARO.pdf\" rel=\"noopener noreferrer\" target=\"_blank\"><span style=\"color: #191919;\"> C\u00f3digo de Conducta para Servidores P\u00fabicos<\/span><\/a><\/li><li><a href=\"https:\/\/tacambaro.gob.mx\/wp-content\/uploads\/2022\/11\/Reglamento-Interno-de-las-Sesiones-de-Cabildo.pdf\"><span style=\"color: #191919;\">Reglamento Interno de las Sesiones de Cabildo<\/span><\/a><\/li><li><a href=\"https:\/\/tacambaro.gob.mx\/wp-content\/uploads\/2024\/01\/Reglamento-Transparencia-y-DIF-2022.pdf\"><span style=\"color: #191919;\">Reglamento de Transparencia, Acceso a la Informaci\u00f3n P\u00fablica, Protecci\u00f3n<\/span><\/a><\/li><li><a href=\"https:\/\/tacambaro.gob.mx\/wp-content\/uploads\/2024\/01\/Reglamento-Transparencia-y-DIF-2022.pdf\"><span style=\"color: #191919;\">\nde Datos Personales y Gobierno Abierto Pub.24 mayo 22<\/span><\/a><\/li><li><a href=\"https:\/\/tacambaro.gob.mx\/wp-content\/uploads\/2024\/01\/Reglamento-Transparencia-y-DIF-2022.pdf\"><span style=\"color: #191919;\">Reglamento Interior del Sistema Municipal para el Desarrollo Integral de la<\/span><\/a><\/li><li><a href=\"https:\/\/tacambaro.gob.mx\/wp-content\/uploads\/2024\/01\/Reglamento-Transparencia-y-DIF-2022.pdf\"><span style=\"color: #191919;\">\nFamilia (DIF) Pub.24 mayo 22<\/span><\/a><\/li><li><a href=\"https:\/\/tacambaro.gob.mx\/wp-content\/uploads\/2024\/01\/Reglamento-interior-de-la-contraloria-2023.pdf\"><span style=\"color: #191919;\">Reglamento Interior de la Contraloria 2023<\/span><\/a><\/li><li><a href=\"https:\/\/tacambaro.gob.mx\/wp-content\/uploads\/2024\/03\/PUBLICACION-DEL-REGLAMENTO-DE-ORGANIZACION-2024.pdf\"><span style=\"color: #191919;\">Reglamento Interno de Organizaci\u00f3n de la Adminitraci\u00f3n Municipal<\/span><\/a><\/li><\/ul>\n\n\n\n\n\n\n<\/p>\t\t\t\t\t\t\t\t<\/div>\n\t\t\t\t<\/div>\n\t\t\t\t\t<\/div>\n\t\t\t\t<\/div>\n\t\t\t\t<\/div>\n\t\t","protected":false},"excerpt":{"rendered":"<p>Legislaci\u00f3n Municipal Vigente Bando de Gobierno H. Ayuntamiento de Tac\u00e1mbaro de Codallos, Mich. C\u00f3digo de \u00e9tica C\u00f3digo de Conducta para Servidores P\u00fabicos Reglamento Interno de las Sesiones de Cabildo Reglamento de Transparencia, Acceso a la Informaci\u00f3n P\u00fablica, Protecci\u00f3n de Datos Personales y Gobierno Abierto Pub.24 mayo 22 Reglamento Interior del Sistema Municipal para el Desarrollo&hellip;<\/p>\n","protected":false},"author":1,"featured_media":0,"parent":0,"menu_order":0,"comment_status":"closed","ping_status":"closed","template":"","meta":{"om_disable_all_campaigns":false,"_monsterinsights_skip_tracking":false,"_monsterinsights_sitenote_active":false,"_monsterinsights_sitenote_note":"","_monsterinsights_sitenote_category":0,"footnotes":""},"class_list":["post-15274","page","type-page","status-publish","hentry"],"aioseo_notices":[],"rttpg_featured_image_url":null,"rttpg_author":{"display_name":"H. AYUNTAMIENTO DE TACAMBARO","author_link":"https:\/\/tacambaro.gob.mx\/?author=1"},"rttpg_comment":0,"rttpg_category":null,"rttpg_excerpt":"Legislaci\u00f3n Municipal Vigente Bando de Gobierno H. Ayuntamiento de Tac\u00e1mbaro de Codallos, Mich. C\u00f3digo de \u00e9tica C\u00f3digo de Conducta para Servidores P\u00fabicos Reglamento Interno de las Sesiones de Cabildo Reglamento de Transparencia, Acceso a la Informaci\u00f3n P\u00fablica, Protecci\u00f3n de Datos Personales y Gobierno Abierto Pub.24 mayo 22 Reglamento Interior del Sistema Municipal para el Desarrollo&hellip;","_links":{"self":[{"href":"https:\/\/tacambaro.gob.mx\/index.php?rest_route=\/wp\/v2\/pages\/15274","targetHints":{"allow":["GET"]}}],"collection":[{"href":"https:\/\/tacambaro.gob.mx\/index.php?rest_route=\/wp\/v2\/pages"}],"about":[{"href":"https:\/\/tacambaro.gob.mx\/index.php?rest_route=\/wp\/v2\/types\/page"}],"author":[{"embeddable":true,"href":"https:\/\/tacambaro.gob.mx\/index.php?rest_route=\/wp\/v2\/users\/1"}],"replies":[{"embeddable":true,"href":"https:\/\/tacambaro.gob.mx\/index.php?rest_route=%2Fwp%2Fv2%2Fcomments&post=15274"}],"version-history":[{"count":19,"href":"https:\/\/tacambaro.gob.mx\/index.php?rest_route=\/wp\/v2\/pages\/15274\/revisions"}],"predecessor-version":[{"id":18029,"href":"https:\/\/tacambaro.gob.mx\/index.php?rest_route=\/wp\/v2\/pages\/15274\/revisions\/18029"}],"wp:attachment":[{"href":"https:\/\/tacambaro.gob.mx\/index.php?rest_route=%2Fwp%2Fv2%2Fmedia&parent=15274"}],"curies":[{"name":"wp","href":"https:\/\/api.w.org\/{rel}","templated":true}]}}