{"id":15791,"date":"2024-05-08T19:40:45","date_gmt":"2024-05-08T19:40:45","guid":{"rendered":"https:\/\/tacambaro.gob.mx\/?page_id=15791"},"modified":"2024-05-09T17:31:44","modified_gmt":"2024-05-09T17:31:44","slug":"talleres-de-sensibilizacion","status":"publish","type":"page","link":"https:\/\/tacambaro.gob.mx\/?page_id=15791","title":{"rendered":"Talleres de Sensibilizaci\u00f3n"},"content":{"rendered":"<p><\/p>\n<h3><strong><span style=\"color: #000080;\">TALLER DE COLABORACI\u00d3N Y SENSIBILIZACI\u00d3N A FUNCIONARIOS PUBLICOS PARA EL CUIDADO DEL MEDIO AMBIENTE<\/a><\/strong><\/h3>\n<\/ul>\n<p>\n<a href=\"https:\/\/tacambaro.gob.mx\/wp-content\/uploads\/2024\/05\/png-clipart-pdf.png\"><img decoding=\"async\" src=\"https:\/\/tacambaro.gob.mx\/wp-content\/uploads\/2024\/05\/png-clipart-pdf.png\" alt=\"\" width=\"48\" height=\"69\" class=\"alignleft size-full wp-image-15020\" \/><\/a> <a href=\"https:\/\/tacambaro.gob.mx\/wp-content\/uploads\/2024\/05\/Minuta-15-feb-2024.pdf\"><\/p>\n<h4><span style=\"color: #191919;\">1. MINUTA DE COMPROMISOS COCREADOS.<\/a><\/h4>\n<p><a href=\"https:\/\/tacambaro.gob.mx\/wp-content\/uploads\/2024\/05\/png-clipart-pdf.png\"><img decoding=\"async\" src=\"https:\/\/tacambaro.gob.mx\/wp-content\/uploads\/2024\/05\/png-clipart-pdf.png\" alt=\"\" width=\"48\" height=\"69\" class=\"alignleft size-full wp-image-15020\" \/><\/a> <a href=\"https:\/\/tacambaro.gob.mx\/wp-content\/uploads\/2024\/05\/Lamado-a-la-Acci\u00f3n-Cuidado-del-MA.pdf\"><\/p>\n<h4><span style=\"color: #191919;\">2. Llamado a la Acci\u00f3n para el Cuidado del Medio Ambiente.<\/a><\/h4>\n<p><a href=\"https:\/\/tacambaro.gob.mx\/wp-content\/uploads\/2024\/05\/png-clipart-pdf.png\"><img decoding=\"async\" src=\"https:\/\/tacambaro.gob.mx\/wp-content\/uploads\/2024\/05\/png-clipart-pdf.png\" alt=\"\" width=\"48\" height=\"69\" class=\"alignleft size-full wp-image-15020\" \/><\/a> <a href=\"https:\/\/tacambaro.gob.mx\/wp-content\/uploads\/2024\/05\/Invitaci\u00f3n-a-funcionarios.pdf\"><\/p>\n<h4><span style=\"color: #191919;\">3. Invitaci\u00f3n a Taller emitida por el C. Artemio Moriya S\u00e1nchez, Presidente Municipal de Tac\u00e1mbaro.<\/a><\/h4>\n<p><a href=\"https:\/\/tacambaro.gob.mx\/wp-content\/uploads\/2024\/05\/png-clipart-pdf.png\"><img decoding=\"async\" src=\"https:\/\/tacambaro.gob.mx\/wp-content\/uploads\/2024\/05\/png-clipart-pdf.png\" alt=\"\" width=\"48\" height=\"69\" class=\"alignleft size-full wp-image-15020\" \/><\/a> <a href=\"https:\/\/tacambaro.gob.mx\/wp-content\/uploads\/2024\/05\/Lista-de-asistencia-taller-funcionarios.pdf\"><\/p>\n<h4><span style=\"color: #191919;\">4. Lista de asistencia.<\/a><\/h4>\n<h3><strong><span style=\"color: #000080;\">ALBUM FOTOGRAFICO DE TALLER DE COLABORACI\u00d3N Y SENSIBILIZACI\u00d3N A FUNCIONARIOS PUBLICOS PARA EL CUIDADO DEL MEDIO AMBIENTE<\/a><\/strong><\/h3>\n<\/ul>\n<p>\n<a href=\"https:\/\/tacambaro.gob.mx\/wp-content\/uploads\/2024\/05\/Taller-Funcionarios-15-02-24-03.jpeg\"><img decoding=\"async\" src=\"https:\/\/tacambaro.gob.mx\/wp-content\/uploads\/2024\/05\/Taller-Funcionarios-15-02-24-03-300x139.jpeg\" alt=\"\" width=\"300\" height=\"139\" class=\"alignleft size-medium wp-image-15817\" \/><\/a><br \/>\n<br \/>\n<a href=\"https:\/\/tacambaro.gob.mx\/wp-content\/uploads\/2024\/05\/IMG_0955.jpg\"><img fetchpriority=\"high\" decoding=\"async\" src=\"https:\/\/tacambaro.gob.mx\/wp-content\/uploads\/2024\/05\/IMG_0955-300x200.jpg\" alt=\"\" width=\"300\" height=\"200\" class=\"alignleft size-medium wp-image-15815\" \/><\/a><\/p>\n<p><a href=\"https:\/\/tacambaro.gob.mx\/wp-content\/uploads\/2024\/05\/IMG_0956.jpg\"><img loading=\"lazy\" decoding=\"async\" src=\"https:\/\/tacambaro.gob.mx\/wp-content\/uploads\/2024\/05\/IMG_0956-300x200.jpg\" alt=\"\" width=\"300\" height=\"200\" class=\"alignleft size-medium wp-image-15816\" \/><\/a><br \/>\n<br \/>\n<a href=\"https:\/\/tacambaro.gob.mx\/wp-content\/uploads\/2024\/05\/IMG_0931.jpg\"><img loading=\"lazy\" decoding=\"async\" src=\"https:\/\/tacambaro.gob.mx\/wp-content\/uploads\/2024\/05\/IMG_0931-300x200.jpg\" alt=\"\" width=\"300\" height=\"200\" class=\"alignleft size-medium wp-image-15820\" \/><\/a><br \/>\n<br \/>\n<a href=\"https:\/\/tacambaro.gob.mx\/wp-content\/uploads\/2024\/05\/Taller-Funcionarios-15-02-24-12-e1715200188699.jpg\"><img loading=\"lazy\" decoding=\"async\" src=\"https:\/\/tacambaro.gob.mx\/wp-content\/uploads\/2024\/05\/Taller-Funcionarios-15-02-24-12-e1715200188699-300x172.jpg\" alt=\"\" width=\"300\" height=\"172\" class=\"alignleft size-medium wp-image-15812\" \/><\/a><\/p>\n","protected":false},"excerpt":{"rendered":"<p>TALLER DE COLABORACI\u00d3N Y SENSIBILIZACI\u00d3N A FUNCIONARIOS PUBLICOS PARA EL CUIDADO DEL MEDIO AMBIENTE 1. MINUTA DE COMPROMISOS COCREADOS. 2. Llamado a la Acci\u00f3n para el Cuidado del Medio Ambiente. 3. Invitaci\u00f3n a Taller emitida por el C. Artemio Moriya S\u00e1nchez, Presidente Municipal de Tac\u00e1mbaro. 4. Lista de asistencia. ALBUM FOTOGRAFICO DE TALLER DE COLABORACI\u00d3N&hellip;<\/p>\n","protected":false},"author":1,"featured_media":0,"parent":0,"menu_order":0,"comment_status":"closed","ping_status":"closed","template":"","meta":{"om_disable_all_campaigns":false,"_monsterinsights_skip_tracking":false,"_monsterinsights_sitenote_active":false,"_monsterinsights_sitenote_note":"","_monsterinsights_sitenote_category":0,"footnotes":""},"class_list":["post-15791","page","type-page","status-publish","hentry"],"aioseo_notices":[],"rttpg_featured_image_url":null,"rttpg_author":{"display_name":"H. AYUNTAMIENTO DE TACAMBARO","author_link":"https:\/\/tacambaro.gob.mx\/?author=1"},"rttpg_comment":0,"rttpg_category":null,"rttpg_excerpt":"TALLER DE COLABORACI\u00d3N Y SENSIBILIZACI\u00d3N A FUNCIONARIOS PUBLICOS PARA EL CUIDADO DEL MEDIO AMBIENTE 1. MINUTA DE COMPROMISOS COCREADOS. 2. Llamado a la Acci\u00f3n para el Cuidado del Medio Ambiente. 3. Invitaci\u00f3n a Taller emitida por el C. Artemio Moriya S\u00e1nchez, Presidente Municipal de Tac\u00e1mbaro. 4. Lista de asistencia. ALBUM FOTOGRAFICO DE TALLER DE COLABORACI\u00d3N&hellip;","_links":{"self":[{"href":"https:\/\/tacambaro.gob.mx\/index.php?rest_route=\/wp\/v2\/pages\/15791","targetHints":{"allow":["GET"]}}],"collection":[{"href":"https:\/\/tacambaro.gob.mx\/index.php?rest_route=\/wp\/v2\/pages"}],"about":[{"href":"https:\/\/tacambaro.gob.mx\/index.php?rest_route=\/wp\/v2\/types\/page"}],"author":[{"embeddable":true,"href":"https:\/\/tacambaro.gob.mx\/index.php?rest_route=\/wp\/v2\/users\/1"}],"replies":[{"embeddable":true,"href":"https:\/\/tacambaro.gob.mx\/index.php?rest_route=%2Fwp%2Fv2%2Fcomments&post=15791"}],"version-history":[{"count":23,"href":"https:\/\/tacambaro.gob.mx\/index.php?rest_route=\/wp\/v2\/pages\/15791\/revisions"}],"predecessor-version":[{"id":15796,"href":"https:\/\/tacambaro.gob.mx\/index.php?rest_route=\/wp\/v2\/pages\/15791\/revisions\/15796"}],"wp:attachment":[{"href":"https:\/\/tacambaro.gob.mx\/index.php?rest_route=%2Fwp%2Fv2%2Fmedia&parent=15791"}],"curies":[{"name":"wp","href":"https:\/\/api.w.org\/{rel}","templated":true}]}}