{"id":16172,"date":"2024-10-30T16:18:51","date_gmt":"2024-10-30T16:18:51","guid":{"rendered":"https:\/\/tacambaro.gob.mx\/?page_id=16172"},"modified":"2025-09-25T21:32:47","modified_gmt":"2025-09-25T21:32:47","slug":"archivo-historico-municipal","status":"publish","type":"page","link":"https:\/\/tacambaro.gob.mx\/?page_id=16172","title":{"rendered":"Archivo Hist\u00f3rico Municipal"},"content":{"rendered":"\t\t<div data-elementor-type=\"wp-page\" data-elementor-id=\"16172\" class=\"elementor elementor-16172\">\n\t\t\t\t<div class=\"elementor-element elementor-element-e06415c e-flex e-con-boxed e-con e-parent\" data-id=\"e06415c\" data-element_type=\"container\" data-e-type=\"container\" data-settings=\"{&quot;background_background&quot;:&quot;classic&quot;,&quot;shape_divider_bottom&quot;:&quot;mountains&quot;}\">\n\t\t\t\t\t<div class=\"e-con-inner\">\n\t\t\t\t<div class=\"elementor-shape elementor-shape-bottom\" aria-hidden=\"true\" data-negative=\"false\">\n\t\t\t<svg xmlns=\"http:\/\/www.w3.org\/2000\/svg\" viewBox=\"0 0 1000 100\" preserveAspectRatio=\"none\">\n\t<path class=\"elementor-shape-fill\" opacity=\"0.33\" d=\"M473,67.3c-203.9,88.3-263.1-34-320.3,0C66,119.1,0,59.7,0,59.7V0h1000v59.7 c0,0-62.1,26.1-94.9,29.3c-32.8,3.3-62.8-12.3-75.8-22.1C806,49.6,745.3,8.7,694.9,4.7S492.4,59,473,67.3z\"\/>\n\t<path class=\"elementor-shape-fill\" opacity=\"0.66\" d=\"M734,67.3c-45.5,0-77.2-23.2-129.1-39.1c-28.6-8.7-150.3-10.1-254,39.1 s-91.7-34.4-149.2,0C115.7,118.3,0,39.8,0,39.8V0h1000v36.5c0,0-28.2-18.5-92.1-18.5C810.2,18.1,775.7,67.3,734,67.3z\"\/>\n\t<path class=\"elementor-shape-fill\" d=\"M766.1,28.9c-200-57.5-266,65.5-395.1,19.5C242,1.8,242,5.4,184.8,20.6C128,35.8,132.3,44.9,89.9,52.5C28.6,63.7,0,0,0,0 h1000c0,0-9.9,40.9-83.6,48.1S829.6,47,766.1,28.9z\"\/>\n<\/svg>\t\t<\/div>\n\t\t\t\t<div class=\"elementor-element elementor-element-38ee84f elementor-widget elementor-widget-heading\" data-id=\"38ee84f\" data-element_type=\"widget\" data-e-type=\"widget\" data-widget_type=\"heading.default\">\n\t\t\t\t<div class=\"elementor-widget-container\">\n\t\t\t\t\t<h2 class=\"elementor-heading-title elementor-size-default\">Archivo Hist\u00f3rico Municipal<\/h2>\t\t\t\t<\/div>\n\t\t\t\t<\/div>\n\t\t\t\t\t<\/div>\n\t\t\t\t<\/div>\n\t\t<div class=\"elementor-element elementor-element-8aaef1e e-con-full e-flex e-con e-parent\" data-id=\"8aaef1e\" data-element_type=\"container\" data-e-type=\"container\">\n\t\t\t\t<div class=\"elementor-element elementor-element-7609b1c elementor-widget elementor-widget-image\" data-id=\"7609b1c\" data-element_type=\"widget\" data-e-type=\"widget\" data-widget_type=\"image.default\">\n\t\t\t\t<div class=\"elementor-widget-container\">\n\t\t\t\t\t\t\t\t\t\t\t\t\t\t\t<img fetchpriority=\"high\" decoding=\"async\" width=\"923\" height=\"702\" src=\"https:\/\/tacambaro.gob.mx\/wp-content\/uploads\/2025\/04\/WhatsApp-Image-2025-04-08-at-9.41.34-AM-1024x779.jpeg\" class=\"attachment-large size-large wp-image-17801\" alt=\"\" \/>\t\t\t\t\t\t\t\t\t\t\t\t\t\t\t<\/div>\n\t\t\t\t<\/div>\n\t\t\t\t<div class=\"elementor-element elementor-element-c233bbd elementor-widget elementor-widget-text-editor\" data-id=\"c233bbd\" data-element_type=\"widget\" data-e-type=\"widget\" data-widget_type=\"text-editor.default\">\n\t\t\t\t<div class=\"elementor-widget-container\">\n\t\t\t\t\t\t\t\t\t<p>Dra. Adriana Melchor Rodr\u00edguez  <br>\n<strong>Directora de Archivo Hist\u00f3rico<\/strong><\/p> \t\t\t\t\t\t\t\t<\/div>\n\t\t\t\t<\/div>\n\t\t\t\t<div class=\"elementor-element elementor-element-c09c2f3 elementor-widget elementor-widget-text-editor\" data-id=\"c09c2f3\" data-element_type=\"widget\" data-e-type=\"widget\" data-widget_type=\"text-editor.default\">\n\t\t\t\t<div class=\"elementor-widget-container\">\n\t\t\t\t\t\t\t\t\t<p>Custodio de la memoria colectiva de Tac\u00e1mbaro, este departamento preserva y&nbsp;<span style=\"letter-spacing: 0px;\">da vida a los documentos que narran la historia del municipio. Su titular, con&nbsp;<\/span><span style=\"letter-spacing: 0px;\">fundamento en el Reglamento Interno de la Administraci\u00f3n Municipal, organiza,&nbsp;<\/span><span style=\"letter-spacing: 0px;\">conserva y digitaliza expedientes de valor permanente, garantizando su&nbsp;<\/span><span style=\"letter-spacing: 0px;\">autenticidad y f\u00e1cil consulta. Supervisa la clasificaci\u00f3n de archivos administrativos&nbsp;<\/span><span style=\"letter-spacing: 0px;\">y resguarda actas, planos, fotograf\u00edas y testimonios que acreditan el devenir&nbsp;<\/span><span style=\"letter-spacing: 0px;\">pol\u00edtico, social y cultural de la localidad. Entre sus atribuciones est\u00e1 certificar&nbsp;<\/span><span style=\"letter-spacing: 0px;\">copias fieles de documentos hist\u00f3ricos, establecer criterios de conservaci\u00f3n y,&nbsp;<\/span><span style=\"letter-spacing: 0px;\">cuando la ley lo permite, autorizar la depuraci\u00f3n o baja de expedientes sin valor&nbsp;<\/span><span style=\"letter-spacing: 0px;\">hist\u00f3rico. Adem\u00e1s, promueve actividades de difusi\u00f3n cultural: exposiciones,&nbsp;<\/span><span style=\"letter-spacing: 0px;\">talleres y visitas guiadas que acercan a estudiantes, investigadores y ciudadan\u00eda&nbsp;<\/span><span style=\"letter-spacing: 0px;\">al acervo documental. Su alcance es doble: asegurar la transparencia&nbsp;<\/span><span style=\"letter-spacing: 0px;\">administrativa mediante un archivo ordenado y fortalecer la identidad&nbsp;<\/span><span style=\"letter-spacing: 0px;\">tacambarense al mantener viva la historia que nos une y define.<\/span><\/p>\t\t\t\t\t\t\t\t<\/div>\n\t\t\t\t<\/div>\n\t\t\t\t<\/div>\n\t\t\t\t<\/div>\n\t\t","protected":false},"excerpt":{"rendered":"<p>Archivo Hist\u00f3rico Municipal Dra. Adriana Melchor Rodr\u00edguez Directora de Archivo Hist\u00f3rico Custodio de la memoria colectiva de Tac\u00e1mbaro, este departamento preserva y&nbsp;da vida a los documentos que narran la historia del municipio. Su titular, con&nbsp;fundamento en el Reglamento Interno de la Administraci\u00f3n Municipal, organiza,&nbsp;conserva y digitaliza expedientes de valor permanente, garantizando su&nbsp;autenticidad y f\u00e1cil consulta.&hellip;<\/p>\n","protected":false},"author":1,"featured_media":0,"parent":0,"menu_order":0,"comment_status":"closed","ping_status":"closed","template":"","meta":{"om_disable_all_campaigns":false,"_monsterinsights_skip_tracking":false,"_monsterinsights_sitenote_active":false,"_monsterinsights_sitenote_note":"","_monsterinsights_sitenote_category":0,"footnotes":""},"class_list":["post-16172","page","type-page","status-publish","hentry"],"aioseo_notices":[],"rttpg_featured_image_url":null,"rttpg_author":{"display_name":"H. AYUNTAMIENTO DE TACAMBARO","author_link":"https:\/\/tacambaro.gob.mx\/?author=1"},"rttpg_comment":0,"rttpg_category":null,"rttpg_excerpt":"Archivo Hist\u00f3rico Municipal Dra. Adriana Melchor Rodr\u00edguez Directora de Archivo Hist\u00f3rico Custodio de la memoria colectiva de Tac\u00e1mbaro, este departamento preserva y&nbsp;da vida a los documentos que narran la historia del municipio. Su titular, con&nbsp;fundamento en el Reglamento Interno de la Administraci\u00f3n Municipal, organiza,&nbsp;conserva y digitaliza expedientes de valor permanente, garantizando su&nbsp;autenticidad y f\u00e1cil consulta.&hellip;","_links":{"self":[{"href":"https:\/\/tacambaro.gob.mx\/index.php?rest_route=\/wp\/v2\/pages\/16172","targetHints":{"allow":["GET"]}}],"collection":[{"href":"https:\/\/tacambaro.gob.mx\/index.php?rest_route=\/wp\/v2\/pages"}],"about":[{"href":"https:\/\/tacambaro.gob.mx\/index.php?rest_route=\/wp\/v2\/types\/page"}],"author":[{"embeddable":true,"href":"https:\/\/tacambaro.gob.mx\/index.php?rest_route=\/wp\/v2\/users\/1"}],"replies":[{"embeddable":true,"href":"https:\/\/tacambaro.gob.mx\/index.php?rest_route=%2Fwp%2Fv2%2Fcomments&post=16172"}],"version-history":[{"count":19,"href":"https:\/\/tacambaro.gob.mx\/index.php?rest_route=\/wp\/v2\/pages\/16172\/revisions"}],"predecessor-version":[{"id":19965,"href":"https:\/\/tacambaro.gob.mx\/index.php?rest_route=\/wp\/v2\/pages\/16172\/revisions\/19965"}],"wp:attachment":[{"href":"https:\/\/tacambaro.gob.mx\/index.php?rest_route=%2Fwp%2Fv2%2Fmedia&parent=16172"}],"curies":[{"name":"wp","href":"https:\/\/api.w.org\/{rel}","templated":true}]}}