{"id":16482,"date":"2025-02-07T18:30:41","date_gmt":"2025-02-07T18:30:41","guid":{"rendered":"https:\/\/tacambaro.gob.mx\/?page_id=16482"},"modified":"2025-06-02T14:11:00","modified_gmt":"2025-06-02T14:11:00","slug":"presupuesto-2025","status":"publish","type":"page","link":"https:\/\/tacambaro.gob.mx\/?page_id=16482","title":{"rendered":"Presupuesto 2025"},"content":{"rendered":"\t\t<div data-elementor-type=\"wp-page\" data-elementor-id=\"16482\" class=\"elementor elementor-16482\">\n\t\t\t\t<div class=\"elementor-element elementor-element-33a1231b e-flex e-con-boxed e-con e-parent\" data-id=\"33a1231b\" data-element_type=\"container\" data-e-type=\"container\">\n\t\t\t\t\t<div class=\"e-con-inner\">\n\t\t\t\t<div class=\"elementor-element elementor-element-17aad04e elementor-widget elementor-widget-text-editor\" data-id=\"17aad04e\" data-element_type=\"widget\" data-e-type=\"widget\" data-widget_type=\"text-editor.default\">\n\t\t\t\t<div class=\"elementor-widget-container\">\n\t\t\t\t\t\t\t\t\t<p><br><a href=\"https:\/\/tacambaro.gob.mx\/wp-content\/uploads\/2025\/02\/1.-INFORMACI\u00d3N-ADICIONAL-A-LA-INICIATIVA-DE-LEY-DE-INGRESOS-2025.pdf\"><span style=\"color: #191919;\">1.- INFORMACI\u00d3N ADICIONAL A LA INICIATIVA DE LEY DE INGRESOS 2025<\/span><\/a><br><br><a href=\"https:\/\/tacambaro.gob.mx\/wp-content\/uploads\/2025\/02\/1.-INFORMACI\u00d3N-ADICIONAL-A-LA-INICIATIVA-DE-LEY-DE-INGRESOS-2025.xlsx\"><span style=\"color: #008000;\">1.- INFORMACI\u00d3N ADICIONAL A LA INICIATIVA DE LEY DE INGRESOS 2025 XLSX<\/span><\/a><br><br><a href=\"https:\/\/tacambaro.gob.mx\/wp-content\/uploads\/2025\/02\/2.-INFORMACI\u00d3N-ADICIONAL-DEL-PRESUPUESTO-DE-EGRESOS-2025.pdf\"><span style=\"color: #191919;\">2.- INFORMACI\u00d3N ADICIONAL DEL PRESUPUESTO DE EGRESOS 2025<\/span><\/a><br><br><a href=\"https:\/\/tacambaro.gob.mx\/wp-content\/uploads\/2025\/02\/2.-INFORMACI\u00d3N-ADICIONAL-DEL-PRESUPUESTO-DE-EGRESOS-2025.xlsx\"><span style=\"color: #008000;\">2.- INFORMACI\u00d3N ADICIONAL DEL PRESUPUESTO DE EGRESOS 2025 XLSX<\/span><\/a><br><br><a href=\"https:\/\/tacambaro.gob.mx\/wp-content\/uploads\/2025\/05\/3.-DIFUSION-A-LA-CIUDADANIA-DE-LA-LEY-DE-INGRESOS-Y-DEL-PRESUPUESTO-DE-EGRESOS-2025.pdf\"><span style=\"color: #191919;\">3.- DIFUSI\u00d3N A LA CIUDADANIA DE LA LEY DE INGRESOS Y DEL PRESUPUESTO DE EGRESOS 2025<\/span><br><\/a><br><a href=\"https:\/\/tacambaro.gob.mx\/wp-content\/uploads\/2025\/02\/3.-DIFUSI\u00d3N-A-LA-CIUDADANIA-DE-LA-LEY-DE-INGRESOS-Y-DEL-PRESUPUESTO-DE-EGRESOS-2025.xlsx\"><span style=\"color: #008000;\">3.- DIFUSI\u00d3N A LA CIUDADANIA DE LA LEY DE INGRESOS Y DEL PRESUPUESTO DE EGRESOS 2025 XLSX<\/span><\/a><br><br><a href=\"https:\/\/tacambaro.gob.mx\/wp-content\/uploads\/2025\/05\/4.-CALENDARIO-DE-INGRESOS-BASE-MENSUAL.pdf\"><span style=\"color: #191919;\">4.- CALENDARIO DE INGRESOS BASE MENSUAL 2025<\/span><br><\/a><br><a href=\"https:\/\/tacambaro.gob.mx\/wp-content\/uploads\/2025\/02\/4.-CALENDARIO-DE-INGRESOS-BASE-MENSUAL-2025.xlsx\"><span style=\"color: #008000;\">4.- CALENDARIO DE INGRESOS BASE MENSUAL 2025 XLSX<\/span><\/a><br><br><a href=\"https:\/\/tacambaro.gob.mx\/wp-content\/uploads\/2025\/05\/5.-CALENDARIO-DE-EGRESOS-BASE-MENSUAL.pdf\"><span style=\"color: #191919;\">5.- CALENDARIO DE EGRESOS BASE MENSUAL 2025<\/span><br><\/a><br><a href=\"https:\/\/tacambaro.gob.mx\/wp-content\/uploads\/2025\/02\/5.-CALENDARIO-DE-EGRESOS-BASE-MENSUAL-2025.xlsx\"><span style=\"color: #008000;\">5.- CALENDARIO DE EGRESOS BASE MENSUAL 2025 XLSX<\/span><\/a><br><br><a href=\"https:\/\/tacambaro.gob.mx\/wp-content\/uploads\/2025\/02\/6.-REMUNERACION-DEL-PRESIDENTE-MUNICIPAL-SINDICO-Y-REGIDORES-PARA-EL-EJERCICIO-2025.pdf\"><span style=\"color: #191919;\">6.- REMUNERACION DEL PRESIDENTE MUNICIPAL, SINDICO Y REGIDORES PARA EL EJERCICIO 2025<\/span><\/a><br><br><a href=\"https:\/\/tacambaro.gob.mx\/wp-content\/uploads\/2025\/02\/8.-LEY-DE-INGRESOS-DEL-MUNICIPIO-DE-TACAMBARO-MICHOAC\u00c1N-PARA-EL-EJERCICIO-FISCAL-2025.pdf\"><span style=\"color: #191919;\">8.-LEY DE INGRESOS DEL MUNICIPIO DE TACAMBARO MICHOAC\u00c1N PARA EL EJERCICIO FISCAL 2025<\/span><\/a><br><br><a href=\"https:\/\/tacambaro.gob.mx\/wp-content\/uploads\/2025\/02\/9.-DICTAMEN-CON-PROYECTO-DE-DECRETO-DE-APROBACION-DE-LA-LEY-DE-INGRESOS-DEL-EJERCICIO-FISCAL-2025.pdf\"><span style=\"color: #191919;\">9.-DICTAMEN CON PROYECTO DE DECRETO DE APROBACION DE LA LEY DE INGRESOS DEL EJERCICIO FISCAL 2025<\/span><\/a><br><br><a href=\"https:\/\/tacambaro.gob.mx\/wp-content\/uploads\/2025\/02\/10.-APROBACION-DE-CABILDO-DEL-PRESUPUESTO-DE-EGRESOS-2025.pdf\"><span style=\"color: #191919;\">10.-APROBACION DE CABILDO DEL PRESUPUESTO DE EGRESOS 2025<\/span><\/a><br><br><a href=\"https:\/\/tacambaro.gob.mx\/wp-content\/uploads\/2025\/02\/10.-APROBACI\u00d3N-DE-CABILDO-DEL-PRESUPUESTO-DE-INGRESOS-2025.pdf\"><span style=\"color: #191919;\">10.-APROBACI\u00d3N DE CABILDO DEL PRESUPUESTO DE INGRESOS 2025<\/span><\/a><br><br><a href=\"https:\/\/tacambaro.gob.mx\/wp-content\/uploads\/2025\/02\/11.-ESTUDIOS-ACTUARIALES.pdf\"><span style=\"color: #191919;\">11.-ESTUDIOS ACTUARIALES<\/span><\/a><\/p>\n<p><a href=\"https:\/\/tacambaro.gob.mx\/wp-content\/uploads\/2025\/05\/PROYECTO-DE-PRESUPUESTO-DE-EGRESOS_compressed_compressed_compressed_compressed.pdf\">12.-PROYECTO PRESUPUESTO DE EGRESOS<\/a><\/p>\n<p><a href=\"https:\/\/tacambaro.gob.mx\/wp-content\/uploads\/2025\/06\/doc.pdf\">13.- PRESUPUESTO 2025 PERIODICO OFlCIAL&nbsp;<br><\/a><br><\/p>\n<p><span style=\"text-decoration: underline;\"><span style=\"color: #DAA520;\"><a \"color:=\"\" #8b0000;=\"\" text-decoration:=\"\" underline;\"=\"\" href=\"https:\/\/tacambaro.gob.mx\/?page_id=16506\"><span style=\"color: #8B0000;\">Indicadores de Resultados 2025<\/span><\/a><\/span><\/span>\n<\/p>\t\t\t\t\t\t\t\t<\/div>\n\t\t\t\t<\/div>\n\t\t\t\t\t<\/div>\n\t\t\t\t<\/div>\n\t\t\t\t<\/div>\n\t\t","protected":false},"excerpt":{"rendered":"<p>1.- INFORMACI\u00d3N ADICIONAL A LA INICIATIVA DE LEY DE INGRESOS 2025 1.- INFORMACI\u00d3N ADICIONAL A LA INICIATIVA DE LEY DE INGRESOS 2025 XLSX 2.- INFORMACI\u00d3N ADICIONAL DEL PRESUPUESTO DE EGRESOS 2025 2.- INFORMACI\u00d3N ADICIONAL DEL PRESUPUESTO DE EGRESOS 2025 XLSX 3.- DIFUSI\u00d3N A LA CIUDADANIA DE LA LEY DE INGRESOS Y DEL PRESUPUESTO DE EGRESOS&hellip;<\/p>\n","protected":false},"author":1,"featured_media":0,"parent":0,"menu_order":0,"comment_status":"closed","ping_status":"closed","template":"","meta":{"om_disable_all_campaigns":false,"_monsterinsights_skip_tracking":false,"_monsterinsights_sitenote_active":false,"_monsterinsights_sitenote_note":"","_monsterinsights_sitenote_category":0,"footnotes":""},"class_list":["post-16482","page","type-page","status-publish","hentry"],"aioseo_notices":[],"rttpg_featured_image_url":null,"rttpg_author":{"display_name":"H. AYUNTAMIENTO DE TACAMBARO","author_link":"https:\/\/tacambaro.gob.mx\/?author=1"},"rttpg_comment":0,"rttpg_category":null,"rttpg_excerpt":"1.- INFORMACI\u00d3N ADICIONAL A LA INICIATIVA DE LEY DE INGRESOS 2025 1.- INFORMACI\u00d3N ADICIONAL A LA INICIATIVA DE LEY DE INGRESOS 2025 XLSX 2.- INFORMACI\u00d3N ADICIONAL DEL PRESUPUESTO DE EGRESOS 2025 2.- INFORMACI\u00d3N ADICIONAL DEL PRESUPUESTO DE EGRESOS 2025 XLSX 3.- DIFUSI\u00d3N A LA CIUDADANIA DE LA LEY DE INGRESOS Y DEL PRESUPUESTO DE EGRESOS&hellip;","_links":{"self":[{"href":"https:\/\/tacambaro.gob.mx\/index.php?rest_route=\/wp\/v2\/pages\/16482","targetHints":{"allow":["GET"]}}],"collection":[{"href":"https:\/\/tacambaro.gob.mx\/index.php?rest_route=\/wp\/v2\/pages"}],"about":[{"href":"https:\/\/tacambaro.gob.mx\/index.php?rest_route=\/wp\/v2\/types\/page"}],"author":[{"embeddable":true,"href":"https:\/\/tacambaro.gob.mx\/index.php?rest_route=\/wp\/v2\/users\/1"}],"replies":[{"embeddable":true,"href":"https:\/\/tacambaro.gob.mx\/index.php?rest_route=%2Fwp%2Fv2%2Fcomments&post=16482"}],"version-history":[{"count":16,"href":"https:\/\/tacambaro.gob.mx\/index.php?rest_route=\/wp\/v2\/pages\/16482\/revisions"}],"predecessor-version":[{"id":19159,"href":"https:\/\/tacambaro.gob.mx\/index.php?rest_route=\/wp\/v2\/pages\/16482\/revisions\/19159"}],"wp:attachment":[{"href":"https:\/\/tacambaro.gob.mx\/index.php?rest_route=%2Fwp%2Fv2%2Fmedia&parent=16482"}],"curies":[{"name":"wp","href":"https:\/\/api.w.org\/{rel}","templated":true}]}}