{"id":17527,"date":"2025-03-28T16:43:35","date_gmt":"2025-03-28T16:43:35","guid":{"rendered":"https:\/\/tacambaro.gob.mx\/?page_id=17527"},"modified":"2025-09-25T21:48:31","modified_gmt":"2025-09-25T21:48:31","slug":"direccion-del-medio-ambiente","status":"publish","type":"page","link":"https:\/\/tacambaro.gob.mx\/?page_id=17527","title":{"rendered":"Direcci\u00f3n del Medio Ambiente"},"content":{"rendered":"\t\t<div data-elementor-type=\"wp-page\" data-elementor-id=\"17527\" class=\"elementor elementor-17527\">\n\t\t\t\t<div class=\"elementor-element elementor-element-2f5af4c e-flex e-con-boxed e-con e-parent\" data-id=\"2f5af4c\" data-element_type=\"container\" data-e-type=\"container\" data-settings=\"{&quot;background_background&quot;:&quot;classic&quot;,&quot;shape_divider_bottom&quot;:&quot;mountains&quot;}\">\n\t\t\t\t\t<div class=\"e-con-inner\">\n\t\t\t\t<div class=\"elementor-shape elementor-shape-bottom\" aria-hidden=\"true\" data-negative=\"false\">\n\t\t\t<svg xmlns=\"http:\/\/www.w3.org\/2000\/svg\" viewBox=\"0 0 1000 100\" preserveAspectRatio=\"none\">\n\t<path class=\"elementor-shape-fill\" opacity=\"0.33\" d=\"M473,67.3c-203.9,88.3-263.1-34-320.3,0C66,119.1,0,59.7,0,59.7V0h1000v59.7 c0,0-62.1,26.1-94.9,29.3c-32.8,3.3-62.8-12.3-75.8-22.1C806,49.6,745.3,8.7,694.9,4.7S492.4,59,473,67.3z\"\/>\n\t<path class=\"elementor-shape-fill\" opacity=\"0.66\" d=\"M734,67.3c-45.5,0-77.2-23.2-129.1-39.1c-28.6-8.7-150.3-10.1-254,39.1 s-91.7-34.4-149.2,0C115.7,118.3,0,39.8,0,39.8V0h1000v36.5c0,0-28.2-18.5-92.1-18.5C810.2,18.1,775.7,67.3,734,67.3z\"\/>\n\t<path class=\"elementor-shape-fill\" d=\"M766.1,28.9c-200-57.5-266,65.5-395.1,19.5C242,1.8,242,5.4,184.8,20.6C128,35.8,132.3,44.9,89.9,52.5C28.6,63.7,0,0,0,0 h1000c0,0-9.9,40.9-83.6,48.1S829.6,47,766.1,28.9z\"\/>\n<\/svg>\t\t<\/div>\n\t\t<div class=\"elementor-element elementor-element-bdda572 e-con-full e-flex e-con e-child\" data-id=\"bdda572\" data-element_type=\"container\" data-e-type=\"container\">\n\t\t\t\t<div class=\"elementor-element elementor-element-50f6978 elementor-widget elementor-widget-heading\" data-id=\"50f6978\" data-element_type=\"widget\" data-e-type=\"widget\" data-widget_type=\"heading.default\">\n\t\t\t\t<div class=\"elementor-widget-container\">\n\t\t\t\t\t<h2 class=\"elementor-heading-title elementor-size-default\">Direcci\u00f3n del Medio Ambiente<\/h2>\t\t\t\t<\/div>\n\t\t\t\t<\/div>\n\t\t\t\t<\/div>\n\t\t\t\t\t<\/div>\n\t\t\t\t<\/div>\n\t\t<div class=\"elementor-element elementor-element-43eda6b e-con-full e-flex e-con e-parent\" data-id=\"43eda6b\" data-element_type=\"container\" data-e-type=\"container\">\n\t\t\t\t<div class=\"elementor-element elementor-element-91cae0f elementor-widget elementor-widget-image\" data-id=\"91cae0f\" data-element_type=\"widget\" data-e-type=\"widget\" data-widget_type=\"image.default\">\n\t\t\t\t<div class=\"elementor-widget-container\">\n\t\t\t\t\t\t\t\t\t\t\t\t\t\t\t<img fetchpriority=\"high\" decoding=\"async\" width=\"923\" height=\"616\" src=\"https:\/\/tacambaro.gob.mx\/wp-content\/uploads\/2025\/04\/WhatsApp-Image-2025-04-02-at-1.00.07-PM-1024x683.jpeg\" class=\"attachment-large size-large wp-image-17662\" alt=\"\" \/>\t\t\t\t\t\t\t\t\t\t\t\t\t\t\t<\/div>\n\t\t\t\t<\/div>\n\t\t\t\t<div class=\"elementor-element elementor-element-13fd927 elementor-widget elementor-widget-text-editor\" data-id=\"13fd927\" data-element_type=\"widget\" data-e-type=\"widget\" data-widget_type=\"text-editor.default\">\n\t\t\t\t<div class=\"elementor-widget-container\">\n\t\t\t\t\t\t\t\t\t<p>Lic. Yesenia Vargas Calvillo <br>\n<strong>Directora de Medio Ambiente<\/strong><\/p>\t\t\t\t\t\t\t\t<\/div>\n\t\t\t\t<\/div>\n\t\t\t\t<\/div>\n\t\t<div class=\"elementor-element elementor-element-6a5e8af e-flex e-con-boxed e-con e-parent\" data-id=\"6a5e8af\" data-element_type=\"container\" data-e-type=\"container\">\n\t\t\t\t\t<div class=\"e-con-inner\">\n\t\t\t\t<div class=\"elementor-element elementor-element-c6f5363 elementor-widget elementor-widget-text-editor\" data-id=\"c6f5363\" data-element_type=\"widget\" data-e-type=\"widget\" data-widget_type=\"text-editor.default\">\n\t\t\t\t<div class=\"elementor-widget-container\">\n\t\t\t\t\t\t\t\t\tCustodia del patrimonio natural de Tac\u00e1mbaro, la Direcci\u00f3n de Medio Ambiente encabeza las pol\u00edticas municipales de protecci\u00f3n, conservaci\u00f3n y uso responsable de los recursos. Con fundamento en el Reglamento Interno de Organizaci\u00f3n de la Administraci\u00f3n Municipal, su titular dise\u00f1a, ejecuta y eval\u00faa programas para el manejo adecuado de residuos s\u00f3lidos, el cuidado del agua, la preservaci\u00f3n de \u00e1reas verdes y la reforestaci\u00f3n urbana y rural. Supervisa campa\u00f1as de educaci\u00f3n ambiental en escuelas y comunidades, fomenta la participaci\u00f3n ciudadana y promueve pr\u00e1cticas sostenibles en coordinaci\u00f3n con dependencias estatales, federales y organizaciones civiles. Adem\u00e1s, vigila el cumplimiento de normas ecol\u00f3gicas en obras p\u00fablicas y privadas, emite dict\u00e1menes de impacto ambiental y propone reglamentos o reformas que fortalezcan la pol\u00edtica ecol\u00f3gica local. Su alcance incluye la creaci\u00f3n de alianzas estrat\u00e9gicas para proyectos de energ\u00eda limpia, biodiversidad y rescate de cuerpos de agua, asegurando que cada acci\u00f3n de gobierno y de la sociedad se traduzca en un municipio sano, equilibrado y resiliente.\n\t\t\t\t\t\t\t\t<\/div>\n\t\t\t\t<\/div>\n\t\t\t\t\t<\/div>\n\t\t\t\t<\/div>\n\t\t\t\t<\/div>\n\t\t","protected":false},"excerpt":{"rendered":"<p>Direcci\u00f3n del Medio Ambiente Lic. Yesenia Vargas Calvillo Directora de Medio Ambiente Custodia del patrimonio natural de Tac\u00e1mbaro, la Direcci\u00f3n de Medio Ambiente encabeza las pol\u00edticas municipales de protecci\u00f3n, conservaci\u00f3n y uso responsable de los recursos. Con fundamento en el Reglamento Interno de Organizaci\u00f3n de la Administraci\u00f3n Municipal, su titular dise\u00f1a, ejecuta y eval\u00faa programas&hellip;<\/p>\n","protected":false},"author":1,"featured_media":0,"parent":0,"menu_order":0,"comment_status":"closed","ping_status":"closed","template":"","meta":{"om_disable_all_campaigns":false,"_monsterinsights_skip_tracking":false,"_monsterinsights_sitenote_active":false,"_monsterinsights_sitenote_note":"","_monsterinsights_sitenote_category":0,"footnotes":""},"class_list":["post-17527","page","type-page","status-publish","hentry"],"aioseo_notices":[],"rttpg_featured_image_url":null,"rttpg_author":{"display_name":"H. AYUNTAMIENTO DE TACAMBARO","author_link":"https:\/\/tacambaro.gob.mx\/?author=1"},"rttpg_comment":0,"rttpg_category":null,"rttpg_excerpt":"Direcci\u00f3n del Medio Ambiente Lic. Yesenia Vargas Calvillo Directora de Medio Ambiente Custodia del patrimonio natural de Tac\u00e1mbaro, la Direcci\u00f3n de Medio Ambiente encabeza las pol\u00edticas municipales de protecci\u00f3n, conservaci\u00f3n y uso responsable de los recursos. Con fundamento en el Reglamento Interno de Organizaci\u00f3n de la Administraci\u00f3n Municipal, su titular dise\u00f1a, ejecuta y eval\u00faa programas&hellip;","_links":{"self":[{"href":"https:\/\/tacambaro.gob.mx\/index.php?rest_route=\/wp\/v2\/pages\/17527","targetHints":{"allow":["GET"]}}],"collection":[{"href":"https:\/\/tacambaro.gob.mx\/index.php?rest_route=\/wp\/v2\/pages"}],"about":[{"href":"https:\/\/tacambaro.gob.mx\/index.php?rest_route=\/wp\/v2\/types\/page"}],"author":[{"embeddable":true,"href":"https:\/\/tacambaro.gob.mx\/index.php?rest_route=\/wp\/v2\/users\/1"}],"replies":[{"embeddable":true,"href":"https:\/\/tacambaro.gob.mx\/index.php?rest_route=%2Fwp%2Fv2%2Fcomments&post=17527"}],"version-history":[{"count":22,"href":"https:\/\/tacambaro.gob.mx\/index.php?rest_route=\/wp\/v2\/pages\/17527\/revisions"}],"predecessor-version":[{"id":19995,"href":"https:\/\/tacambaro.gob.mx\/index.php?rest_route=\/wp\/v2\/pages\/17527\/revisions\/19995"}],"wp:attachment":[{"href":"https:\/\/tacambaro.gob.mx\/index.php?rest_route=%2Fwp%2Fv2%2Fmedia&parent=17527"}],"curies":[{"name":"wp","href":"https:\/\/api.w.org\/{rel}","templated":true}]}}

Dirección del Medio Ambiente

<div data-elementor-type="wp-page" data-elementor-id="17527" class="elementor elementor-17527">
				<div class="elementor-element elementor-element-2f5af4c e-flex e-con-boxed e-con e-parent" data-id="2f5af4c" data-element_type="container" data-e-type="container" data-settings="{&quot;background_background&quot;:&quot;classic&quot;,&quot;shape_divider_bottom&quot;:&quot;mountains&quot;}">
					<div class="e-con-inner">
				<div class="elementor-shape elementor-shape-bottom" aria-hidden="true" data-negative="false">
			<svg xmlns="http://www.w3.org/2000/svg" viewBox="0 0 1000 100" preserveAspectRatio="none">
	<path class="elementor-shape-fill" opacity="0.33" d="M473,67.3c-203.9,88.3-263.1-34-320.3,0C66,119.1,0,59.7,0,59.7V0h1000v59.7 c0,0-62.1,26.1-94.9,29.3c-32.8,3.3-62.8-12.3-75.8-22.1C806,49.6,745.3,8.7,694.9,4.7S492.4,59,473,67.3z"/>
	<path class="elementor-shape-fill" opacity="0.66" d="M734,67.3c-45.5,0-77.2-23.2-129.1-39.1c-28.6-8.7-150.3-10.1-254,39.1 s-91.7-34.4-149.2,0C115.7,118.3,0,39.8,0,39.8V0h1000v36.5c0,0-28.2-18.5-92.1-18.5C810.2,18.1,775.7,67.3,734,67.3z"/>
	<path class="elementor-shape-fill" d="M766.1,28.9c-200-57.5-266,65.5-395.1,19.5C242,1.8,242,5.4,184.8,20.6C128,35.8,132.3,44.9,89.9,52.5C28.6,63.7,0,0,0,0 h1000c0,0-9.9,40.9-83.6,48.1S829.6,47,766.1,28.9z"/>
</svg>		</div>
		<div class="elementor-element elementor-element-bdda572 e-con-full e-flex e-con e-child" data-id="bdda572" data-element_type="container" data-e-type="container">
				<div class="elementor-element elementor-element-50f6978 elementor-widget elementor-widget-heading" data-id="50f6978" data-element_type="widget" data-e-type="widget" data-widget_type="heading.default">
				<div class="elementor-widget-container">
					<h2 class="elementor-heading-title elementor-size-default">Dirección del Medio Ambiente</h2>				</div>
				</div>
				</div>
					</div>
				</div>
		<div class="elementor-element elementor-element-43eda6b e-con-full e-flex e-con e-parent" data-id="43eda6b" data-element_type="container" data-e-type="container">
				<div class="elementor-element elementor-element-91cae0f elementor-widget elementor-widget-image" data-id="91cae0f" data-element_type="widget" data-e-type="widget" data-widget_type="image.default">
				<div class="elementor-widget-container">
															<img fetchpriority="high" decoding="async" width="923" height="616" src="https://tacambaro.gob.mx/wp-content/uploads/2025/04/WhatsApp-Image-2025-04-02-at-1.00.07-PM-1024x683.jpeg" class="attachment-large size-large wp-image-17662" alt="" />															</div>
				</div>
				<div class="elementor-element elementor-element-13fd927 elementor-widget elementor-widget-text-editor" data-id="13fd927" data-element_type="widget" data-e-type="widget" data-widget_type="text-editor.default">
				<div class="elementor-widget-container">
									<p>Lic. Yesenia Vargas Calvillo <br>
<strong>Directora de Medio Ambiente</strong></p>								</div>
				</div>
				</div>
		<div class="elementor-element elementor-element-6a5e8af e-flex e-con-boxed e-con e-parent" data-id="6a5e8af" data-element_type="container" data-e-type="container">
					<div class="e-con-inner">
				<div class="elementor-element elementor-element-c6f5363 elementor-widget elementor-widget-text-editor" data-id="c6f5363" data-element_type="widget" data-e-type="widget" data-widget_type="text-editor.default">
				<div class="elementor-widget-container">
									Custodia del patrimonio natural de Tacámbaro, la Dirección de Medio Ambiente encabeza las políticas municipales de protección, conservación y uso responsable de los recursos. Con fundamento en el Reglamento Interno de Organización de la Administración Municipal, su titular diseña, ejecuta y evalúa programas para el manejo adecuado de residuos sólidos, el cuidado del agua, la preservación de áreas verdes y la reforestación urbana y rural. Supervisa campañas de educación ambiental en escuelas y comunidades, fomenta la participación ciudadana y promueve prácticas sostenibles en coordinación con dependencias estatales, federales y organizaciones civiles. Además, vigila el cumplimiento de normas ecológicas en obras públicas y privadas, emite dictámenes de impacto ambiental y propone reglamentos o reformas que fortalezcan la política ecológica local. Su alcance incluye la creación de alianzas estratégicas para proyectos de energía limpia, biodiversidad y rescate de cuerpos de agua, asegurando que cada acción de gobierno y de la sociedad se traduzca en un municipio sano, equilibrado y resiliente.
								</div>
				</div>
					</div>
				</div>
				</div>

<p>Dirección del Medio Ambiente Lic. Yesenia Vargas Calvillo Directora de Medio Ambiente Custodia del patrimonio natural de Tacámbaro, la Dirección de Medio Ambiente encabeza las políticas municipales de protección, conservación y uso responsable de los recursos. Con fundamento en el Reglamento Interno de Organización de la Administración Municipal, su titular diseña, ejecuta y evalúa programas&hellip;</p>

Dirección del Medio Ambiente Lic. Yesenia Vargas Calvillo Directora de Medio Ambiente Custodia del patrimonio natural de Tacámbaro, la Dirección de Medio Ambiente encabeza las políticas municipales de protección, conservación y uso responsable de los recursos. Con fundamento en el Reglamento Interno de Organización de la Administración Municipal, su titular diseña, ejecuta y evalúa programas&hellip;
