{"id":17555,"date":"2025-03-28T16:54:59","date_gmt":"2025-03-28T16:54:59","guid":{"rendered":"https:\/\/tacambaro.gob.mx\/?page_id=17555"},"modified":"2025-09-25T21:47:33","modified_gmt":"2025-09-25T21:47:33","slug":"direccion-juridica-2","status":"publish","type":"page","link":"https:\/\/tacambaro.gob.mx\/?page_id=17555","title":{"rendered":"Direcci\u00f3n Jur\u00eddica"},"content":{"rendered":"\t\t<div data-elementor-type=\"wp-page\" data-elementor-id=\"17555\" class=\"elementor elementor-17555\">\n\t\t\t\t<div class=\"elementor-element elementor-element-3550f3d e-flex e-con-boxed e-con e-parent\" data-id=\"3550f3d\" data-element_type=\"container\" data-e-type=\"container\" data-settings=\"{&quot;background_background&quot;:&quot;classic&quot;,&quot;shape_divider_bottom&quot;:&quot;mountains&quot;}\">\n\t\t\t\t\t<div class=\"e-con-inner\">\n\t\t\t\t<div class=\"elementor-shape elementor-shape-bottom\" aria-hidden=\"true\" data-negative=\"false\">\n\t\t\t<svg xmlns=\"http:\/\/www.w3.org\/2000\/svg\" viewBox=\"0 0 1000 100\" preserveAspectRatio=\"none\">\n\t<path class=\"elementor-shape-fill\" opacity=\"0.33\" d=\"M473,67.3c-203.9,88.3-263.1-34-320.3,0C66,119.1,0,59.7,0,59.7V0h1000v59.7 c0,0-62.1,26.1-94.9,29.3c-32.8,3.3-62.8-12.3-75.8-22.1C806,49.6,745.3,8.7,694.9,4.7S492.4,59,473,67.3z\"\/>\n\t<path class=\"elementor-shape-fill\" opacity=\"0.66\" d=\"M734,67.3c-45.5,0-77.2-23.2-129.1-39.1c-28.6-8.7-150.3-10.1-254,39.1 s-91.7-34.4-149.2,0C115.7,118.3,0,39.8,0,39.8V0h1000v36.5c0,0-28.2-18.5-92.1-18.5C810.2,18.1,775.7,67.3,734,67.3z\"\/>\n\t<path class=\"elementor-shape-fill\" d=\"M766.1,28.9c-200-57.5-266,65.5-395.1,19.5C242,1.8,242,5.4,184.8,20.6C128,35.8,132.3,44.9,89.9,52.5C28.6,63.7,0,0,0,0 h1000c0,0-9.9,40.9-83.6,48.1S829.6,47,766.1,28.9z\"\/>\n<\/svg>\t\t<\/div>\n\t\t<div class=\"elementor-element elementor-element-1254cb8 e-con-full e-flex e-con e-child\" data-id=\"1254cb8\" data-element_type=\"container\" data-e-type=\"container\">\n\t\t\t\t<div class=\"elementor-element elementor-element-c64075c elementor-widget elementor-widget-heading\" data-id=\"c64075c\" data-element_type=\"widget\" data-e-type=\"widget\" data-widget_type=\"heading.default\">\n\t\t\t\t<div class=\"elementor-widget-container\">\n\t\t\t\t\t<h2 class=\"elementor-heading-title elementor-size-default\">Direcci\u00f3n Jur\u00eddica<\/h2>\t\t\t\t<\/div>\n\t\t\t\t<\/div>\n\t\t\t\t<\/div>\n\t\t\t\t\t<\/div>\n\t\t\t\t<\/div>\n\t\t<div class=\"elementor-element elementor-element-2c62aa9 e-flex e-con-boxed e-con e-parent\" data-id=\"2c62aa9\" data-element_type=\"container\" data-e-type=\"container\">\n\t\t\t\t\t<div class=\"e-con-inner\">\n\t\t\t\t<div class=\"elementor-element elementor-element-b35a0db elementor-widget elementor-widget-image\" data-id=\"b35a0db\" data-element_type=\"widget\" data-e-type=\"widget\" data-widget_type=\"image.default\">\n\t\t\t\t<div class=\"elementor-widget-container\">\n\t\t\t\t\t\t\t\t\t\t\t\t\t\t\t<img fetchpriority=\"high\" decoding=\"async\" width=\"768\" height=\"927\" src=\"https:\/\/tacambaro.gob.mx\/wp-content\/uploads\/2025\/09\/foto-lic-matias-768x927.png\" class=\"attachment-medium_large size-medium_large wp-image-19943\" alt=\"\" \/>\t\t\t\t\t\t\t\t\t\t\t\t\t\t\t<\/div>\n\t\t\t\t<\/div>\n\t\t\t\t<div class=\"elementor-element elementor-element-80891ad elementor-widget elementor-widget-text-editor\" data-id=\"80891ad\" data-element_type=\"widget\" data-e-type=\"widget\" data-widget_type=\"text-editor.default\">\n\t\t\t\t<div class=\"elementor-widget-container\">\n\t\t\t\t\t\t\t\t\t<p>Lic. Francisco Antonio Mat\u00edas Gonz\u00e1lez<\/p><p><strong>Director Jur\u00eddico<\/strong><\/p>\t\t\t\t\t\t\t\t<\/div>\n\t\t\t\t<\/div>\n\t\t\t\t<div class=\"elementor-element elementor-element-1d90ac7 elementor-widget elementor-widget-text-editor\" data-id=\"1d90ac7\" data-element_type=\"widget\" data-e-type=\"widget\" data-widget_type=\"text-editor.default\">\n\t\t\t\t<div class=\"elementor-widget-container\">\n\t\t\t\t\t\t\t\t\tGarantizar la legalidad de cada acci\u00f3n municipal es la misi\u00f3n central de la Direcci\u00f3n Jur\u00eddica de Tac\u00e1mbaro. Con fundamento en el Reglamento Interno de Organizaci\u00f3n de la Administraci\u00f3n Municipal, su titular representa legalmente al Ayuntamiento en todo tipo de juicios y procedimientos: civiles, penales, administrativos, fiscales, mercantiles y electorales. Atiende y defiende los intereses municipales ante tribunales y organismos de derechos humanos, elabora convenios, contratos y dict\u00e1menes, y emite opiniones legales para las distintas dependencias. Tambi\u00e9n concilia conflictos laborales entre el municipio y sus trabajadores, integra expedientes, propone estrategias de prevenci\u00f3n y mantiene la reserva de los asuntos en tr\u00e1mite. Supervisa el cumplimiento de recomendaciones y resoluciones de organismos de control, as\u00ed como la correcta aplicaci\u00f3n de leyes, reglamentos y bandos de gobierno. Su alcance incluye asesorar a regidores, sindicatura y direcciones en cualquier tema jur\u00eddico, preservando siempre la certeza y la seguridad jur\u00eddica que respalden las decisiones y el patrimonio del gobierno municipal y de la ciudadan\u00eda.\n\t\t\t\t\t\t\t\t<\/div>\n\t\t\t\t<\/div>\n\t\t\t\t\t<\/div>\n\t\t\t\t<\/div>\n\t\t<div class=\"elementor-element elementor-element-86036a7 e-flex e-con-boxed e-con e-parent\" data-id=\"86036a7\" data-element_type=\"container\" data-e-type=\"container\">\n\t\t\t\t\t<div class=\"e-con-inner\">\n\t\t\t\t\t<\/div>\n\t\t\t\t<\/div>\n\t\t\t\t<\/div>\n\t\t","protected":false},"excerpt":{"rendered":"<p>Direcci\u00f3n Jur\u00eddica Lic. Francisco Antonio Mat\u00edas Gonz\u00e1lez Director Jur\u00eddico Garantizar la legalidad de cada acci\u00f3n municipal es la misi\u00f3n central de la Direcci\u00f3n Jur\u00eddica de Tac\u00e1mbaro. Con fundamento en el Reglamento Interno de Organizaci\u00f3n de la Administraci\u00f3n Municipal, su titular representa legalmente al Ayuntamiento en todo tipo de juicios y procedimientos: civiles, penales, administrativos, fiscales,&hellip;<\/p>\n","protected":false},"author":1,"featured_media":0,"parent":0,"menu_order":0,"comment_status":"closed","ping_status":"closed","template":"","meta":{"om_disable_all_campaigns":false,"_monsterinsights_skip_tracking":false,"_monsterinsights_sitenote_active":false,"_monsterinsights_sitenote_note":"","_monsterinsights_sitenote_category":0,"footnotes":""},"class_list":["post-17555","page","type-page","status-publish","hentry"],"aioseo_notices":[],"rttpg_featured_image_url":null,"rttpg_author":{"display_name":"H. AYUNTAMIENTO DE TACAMBARO","author_link":"https:\/\/tacambaro.gob.mx\/?author=1"},"rttpg_comment":0,"rttpg_category":null,"rttpg_excerpt":"Direcci\u00f3n Jur\u00eddica Lic. Francisco Antonio Mat\u00edas Gonz\u00e1lez Director Jur\u00eddico Garantizar la legalidad de cada acci\u00f3n municipal es la misi\u00f3n central de la Direcci\u00f3n Jur\u00eddica de Tac\u00e1mbaro. Con fundamento en el Reglamento Interno de Organizaci\u00f3n de la Administraci\u00f3n Municipal, su titular representa legalmente al Ayuntamiento en todo tipo de juicios y procedimientos: civiles, penales, administrativos, fiscales,&hellip;","_links":{"self":[{"href":"https:\/\/tacambaro.gob.mx\/index.php?rest_route=\/wp\/v2\/pages\/17555","targetHints":{"allow":["GET"]}}],"collection":[{"href":"https:\/\/tacambaro.gob.mx\/index.php?rest_route=\/wp\/v2\/pages"}],"about":[{"href":"https:\/\/tacambaro.gob.mx\/index.php?rest_route=\/wp\/v2\/types\/page"}],"author":[{"embeddable":true,"href":"https:\/\/tacambaro.gob.mx\/index.php?rest_route=\/wp\/v2\/users\/1"}],"replies":[{"embeddable":true,"href":"https:\/\/tacambaro.gob.mx\/index.php?rest_route=%2Fwp%2Fv2%2Fcomments&post=17555"}],"version-history":[{"count":29,"href":"https:\/\/tacambaro.gob.mx\/index.php?rest_route=\/wp\/v2\/pages\/17555\/revisions"}],"predecessor-version":[{"id":19992,"href":"https:\/\/tacambaro.gob.mx\/index.php?rest_route=\/wp\/v2\/pages\/17555\/revisions\/19992"}],"wp:attachment":[{"href":"https:\/\/tacambaro.gob.mx\/index.php?rest_route=%2Fwp%2Fv2%2Fmedia&parent=17555"}],"curies":[{"name":"wp","href":"https:\/\/api.w.org\/{rel}","templated":true}]}}