{"id":17568,"date":"2025-04-01T03:27:31","date_gmt":"2025-04-01T03:27:31","guid":{"rendered":"https:\/\/tacambaro.gob.mx\/?page_id=17568"},"modified":"2025-07-18T15:53:13","modified_gmt":"2025-07-18T15:53:13","slug":"oficilia-mayor","status":"publish","type":"page","link":"https:\/\/tacambaro.gob.mx\/?page_id=17568","title":{"rendered":"Oficil\u00eda Mayor"},"content":{"rendered":"\t\t<div data-elementor-type=\"wp-page\" data-elementor-id=\"17568\" class=\"elementor elementor-17568\">\n\t\t\t\t<div class=\"elementor-element elementor-element-6b53f7f e-flex e-con-boxed e-con e-parent\" data-id=\"6b53f7f\" data-element_type=\"container\" data-e-type=\"container\" data-settings=\"{&quot;background_background&quot;:&quot;classic&quot;,&quot;shape_divider_bottom&quot;:&quot;mountains&quot;}\">\n\t\t\t\t\t<div class=\"e-con-inner\">\n\t\t\t\t<div class=\"elementor-shape elementor-shape-bottom\" aria-hidden=\"true\" data-negative=\"false\">\n\t\t\t<svg xmlns=\"http:\/\/www.w3.org\/2000\/svg\" viewBox=\"0 0 1000 100\" preserveAspectRatio=\"none\">\n\t<path class=\"elementor-shape-fill\" opacity=\"0.33\" d=\"M473,67.3c-203.9,88.3-263.1-34-320.3,0C66,119.1,0,59.7,0,59.7V0h1000v59.7 c0,0-62.1,26.1-94.9,29.3c-32.8,3.3-62.8-12.3-75.8-22.1C806,49.6,745.3,8.7,694.9,4.7S492.4,59,473,67.3z\"\/>\n\t<path class=\"elementor-shape-fill\" opacity=\"0.66\" d=\"M734,67.3c-45.5,0-77.2-23.2-129.1-39.1c-28.6-8.7-150.3-10.1-254,39.1 s-91.7-34.4-149.2,0C115.7,118.3,0,39.8,0,39.8V0h1000v36.5c0,0-28.2-18.5-92.1-18.5C810.2,18.1,775.7,67.3,734,67.3z\"\/>\n\t<path class=\"elementor-shape-fill\" d=\"M766.1,28.9c-200-57.5-266,65.5-395.1,19.5C242,1.8,242,5.4,184.8,20.6C128,35.8,132.3,44.9,89.9,52.5C28.6,63.7,0,0,0,0 h1000c0,0-9.9,40.9-83.6,48.1S829.6,47,766.1,28.9z\"\/>\n<\/svg>\t\t<\/div>\n\t\t<div class=\"elementor-element elementor-element-5d0a1c3 e-con-full e-flex e-con e-child\" data-id=\"5d0a1c3\" data-element_type=\"container\" data-e-type=\"container\">\n\t\t\t\t<div class=\"elementor-element elementor-element-0a781c1 elementor-widget elementor-widget-heading\" data-id=\"0a781c1\" data-element_type=\"widget\" data-e-type=\"widget\" data-widget_type=\"heading.default\">\n\t\t\t\t<div class=\"elementor-widget-container\">\n\t\t\t\t\t<h2 class=\"elementor-heading-title elementor-size-default\">Oficial\u00eda Mayor<\/h2>\t\t\t\t<\/div>\n\t\t\t\t<\/div>\n\t\t\t\t<\/div>\n\t\t\t\t\t<\/div>\n\t\t\t\t<\/div>\n\t\t<div class=\"elementor-element elementor-element-6d6712d e-flex e-con-boxed e-con e-parent\" data-id=\"6d6712d\" data-element_type=\"container\" data-e-type=\"container\">\n\t\t\t\t\t<div class=\"e-con-inner\">\n\t\t\t\t<div class=\"elementor-element elementor-element-2f87d75 elementor-widget elementor-widget-image\" data-id=\"2f87d75\" data-element_type=\"widget\" data-e-type=\"widget\" data-widget_type=\"image.default\">\n\t\t\t\t<div class=\"elementor-widget-container\">\n\t\t\t\t\t\t\t\t\t\t\t\t\t\t\t<img fetchpriority=\"high\" decoding=\"async\" width=\"1024\" height=\"683\" src=\"https:\/\/tacambaro.gob.mx\/wp-content\/uploads\/2025\/04\/WhatsApp-Image-2025-04-02-at-12.52.11-PM-2-1024x683.jpeg\" class=\"attachment-large size-large wp-image-17652\" alt=\"\" \/>\t\t\t\t\t\t\t\t\t\t\t\t\t\t\t<\/div>\n\t\t\t\t<\/div>\n\t\t\t\t<div class=\"elementor-element elementor-element-cedbbb9 elementor-widget elementor-widget-text-editor\" data-id=\"cedbbb9\" data-element_type=\"widget\" data-e-type=\"widget\" data-widget_type=\"text-editor.default\">\n\t\t\t\t<div class=\"elementor-widget-container\">\n\t\t\t\t\t\t\t\t\t<p>Lic. Geraldine N\u00fa\u00f1ez Becerra <br> \n<strong>Oficial Mayor<\/strong><\/p>\t\t\t\t\t\t\t\t<\/div>\n\t\t\t\t<\/div>\n\t\t\t\t\t<\/div>\n\t\t\t\t<\/div>\n\t\t<div class=\"elementor-element elementor-element-8ab0a14 e-flex e-con-boxed e-con e-parent\" data-id=\"8ab0a14\" data-element_type=\"container\" data-e-type=\"container\">\n\t\t\t\t\t<div class=\"e-con-inner\">\n\t\t\t\t<div class=\"elementor-element elementor-element-42f186d elementor-widget elementor-widget-text-editor\" data-id=\"42f186d\" data-element_type=\"widget\" data-e-type=\"widget\" data-widget_type=\"text-editor.default\">\n\t\t\t\t<div class=\"elementor-widget-container\">\n\t\t\t\t\t\t\t\t\t<p>De acuerdo a lo publicado en el Reglamento Interno del Gobierno Municipal de Tac\u00e1mbaro, las responsabilidades y facultades del o la Oficial Mayor, son los que se se\u00f1alan a continuaci\u00f3n:  <\/p>\n<p>Art\u00edculo 49. La Oficial\u00eda Mayor es la responsable de dise\u00f1ar, establecer y aplicar en coordinaci\u00f3n con Tesorer\u00eda y la Direcci\u00f3n de Planeaci\u00f3n y Evaluaci\u00f3n, las pol\u00edticas y procedimientos para la elaboraci\u00f3n y ejecuci\u00f3n del Presupuesto de Egresos. Administrar y controlar los recursos humanos, materiales, presupuestales y patrimoniales del Municipio.<br>\nArt\u00edculo 50. Son facultades del Oficial Mayor:<\/p>\t\t\t\t\t\t\t\t<\/div>\n\t\t\t\t<\/div>\n\t\t\t\t<div class=\"elementor-element elementor-element-afae4f6 elementor-widget elementor-widget-text-editor\" data-id=\"afae4f6\" data-element_type=\"widget\" data-e-type=\"widget\" data-widget_type=\"text-editor.default\">\n\t\t\t\t<div class=\"elementor-widget-container\">\n\t\t\t\t\t\t\t\t\t<p><ul><li>I.\tPresentar a la instancia correspondiente el Proyecto de Presupuesto de Egresos de la Oficial\u00eda Mayor y el Programa Operativo Anual;<\/li><li>\nII.\tFormar parte de los \u00f3rganos de Gobierno de las Entidades cuando as\u00ed lo determinen sus respectivos acuerdos de creaci\u00f3n o funcionamiento;<\/li><li>\nIII.\tCoordinar las \u00e1reas a su cargo para el Cumplimento del Plan Municipal de Desarrollo;<\/li><li>\nIV.\tCoadyuvar con la Tesorer\u00eda Municipal, en la formulaci\u00f3n del Presupuesto Anual de Egresos del Ayuntamiento, en el \u00e1mbito de su competencia;<\/li><li>\nV.\tImpulsar la modernizaci\u00f3n integral de los sistemas administrativos y establecer normas y pol\u00edticas que permitan simplificar los procesos de gesti\u00f3n;<\/li><li>\nVI.\tDefinir y establecer pol\u00edticas y lineamientos generales e implementar los mecanismos e instrumentos necesarios para proporcionar oportunamente los recursos solicitados por las diferentes \u00e1reas, en el \u00e1mbito de su competencia;<\/li><li>\nVII.\tProponer, aplicar y vigilar el cumplimiento del Cat\u00e1logo General de Puestos y el Tabulador General de Sueldos de conformidad a las Condiciones Generales de Trabajo;<\/li><li>\nVIII.\tEstablecer un adecuado sistema de administraci\u00f3n y desarrollo de personal para reclutar, seleccionar, contratar y capacitar al personal de la Administraci\u00f3n P\u00fablica Municipal y otorgar los est\u00edmulos y reconocimientos conforme al desempe\u00f1o de los trabajadores;<\/li><li>\nIX.\tImplementar y desarrollar el Programa de Capacitaci\u00f3n Integral para servidores p\u00fablicos, coordin\u00e1ndose en su caso, con la Representaci\u00f3n Sindical;<\/li><li>\nX.\tOtorgar y controlar con apego a la Ley, las prestaciones establecidas en las Condiciones Generales de Trabajo o convenios pactados;<\/li><li>\nXI.\tExpedir las \u00f3rdenes para las erogaciones con cargo al presupuesto de las Dependencias, por concepto de adquisiciones y pago de servicios;<\/li><li>XII.\tControlar el servicio de mantenimiento de veh\u00edculos, maquinaria, mobiliario y equipo para el uso del Ayuntamiento;<\/li><li>\nXIII.\tAdministrar, controlar y vigilar los bienes almacenados del Ayuntamiento;<\/li><li>\nXIV.\tAdquirir los bienes y servicios que requieran para su funcionamiento las diversas Dependencias y, en su caso, celebrar los convenios o contratos para la adquisici\u00f3n, renta o prestaci\u00f3n correspondiente, de acuerdo con la normatividad vigente;<\/li><li>\nXV.\tProporcionar los servicios de intendencia y vigilancia, que demanden las Dependencias;<\/li><li>\nXVI.\tFormular y manejar el archivo general del personal; y,<\/li><li>\nXVII.\tLas dem\u00e1s que le se\u00f1alen otras normas jur\u00eddicas vigentes o que le sean delegadas por la o el Presidente Municipal.<\/li><\/ul><\/p>\t\t\t\t\t\t\t\t<\/div>\n\t\t\t\t<\/div>\n\t\t\t\t<div class=\"elementor-element elementor-element-2a468ff elementor-align-center elementor-widget elementor-widget-button\" data-id=\"2a468ff\" data-element_type=\"widget\" data-e-type=\"widget\" data-widget_type=\"button.default\">\n\t\t\t\t<div class=\"elementor-widget-container\">\n\t\t\t\t\t\t\t\t\t<div class=\"elementor-button-wrapper\">\n\t\t\t\t\t<a class=\"elementor-button elementor-button-link elementor-size-sm\" href=\"https:\/\/tacambaro.gob.mx\/?page_id=17857\">\n\t\t\t\t\t\t<span class=\"elementor-button-content-wrapper\">\n\t\t\t\t\t\t<span class=\"elementor-button-icon\">\n\t\t\t\t<svg aria-hidden=\"true\" class=\"e-font-icon-svg e-fas-file\" viewBox=\"0 0 384 512\" xmlns=\"http:\/\/www.w3.org\/2000\/svg\"><path d=\"M224 136V0H24C10.7 0 0 10.7 0 24v464c0 13.3 10.7 24 24 24h336c13.3 0 24-10.7 24-24V160H248c-13.2 0-24-10.8-24-24zm160-14.1v6.1H256V0h6.1c6.4 0 12.5 2.5 17 7l97.9 98c4.5 4.5 7 10.6 7 16.9z\"><\/path><\/svg>\t\t\t<\/span>\n\t\t\t\t\t\t\t\t\t<span class=\"elementor-button-text\">Consulta el Tabulador de sueldos 2024 <\/span>\n\t\t\t\t\t<\/span>\n\t\t\t\t\t<\/a>\n\t\t\t\t<\/div>\n\t\t\t\t\t\t\t\t<\/div>\n\t\t\t\t<\/div>\n\t\t\t\t<div class=\"elementor-element elementor-element-3e3679f elementor-align-center elementor-widget elementor-widget-button\" data-id=\"3e3679f\" data-element_type=\"widget\" data-e-type=\"widget\" data-widget_type=\"button.default\">\n\t\t\t\t<div class=\"elementor-widget-container\">\n\t\t\t\t\t\t\t\t\t<div class=\"elementor-button-wrapper\">\n\t\t\t\t\t<a class=\"elementor-button elementor-button-link elementor-size-sm\" href=\"https:\/\/tacambaro.gob.mx\/wp-content\/uploads\/2025\/07\/TABULADOR-2025-1.xlsx\">\n\t\t\t\t\t\t<span class=\"elementor-button-content-wrapper\">\n\t\t\t\t\t\t<span class=\"elementor-button-icon\">\n\t\t\t\t<svg aria-hidden=\"true\" class=\"e-font-icon-svg e-fas-file\" viewBox=\"0 0 384 512\" xmlns=\"http:\/\/www.w3.org\/2000\/svg\"><path d=\"M224 136V0H24C10.7 0 0 10.7 0 24v464c0 13.3 10.7 24 24 24h336c13.3 0 24-10.7 24-24V160H248c-13.2 0-24-10.8-24-24zm160-14.1v6.1H256V0h6.1c6.4 0 12.5 2.5 17 7l97.9 98c4.5 4.5 7 10.6 7 16.9z\"><\/path><\/svg>\t\t\t<\/span>\n\t\t\t\t\t\t\t\t\t<span class=\"elementor-button-text\">Consulta el Tabulador de sueldos 2025 <\/span>\n\t\t\t\t\t<\/span>\n\t\t\t\t\t<\/a>\n\t\t\t\t<\/div>\n\t\t\t\t\t\t\t\t<\/div>\n\t\t\t\t<\/div>\n\t\t\t\t\t<\/div>\n\t\t\t\t<\/div>\n\t\t\t\t<\/div>\n\t\t","protected":false},"excerpt":{"rendered":"<p>Oficial\u00eda Mayor Lic. Geraldine N\u00fa\u00f1ez Becerra Oficial Mayor De acuerdo a lo publicado en el Reglamento Interno del Gobierno Municipal de Tac\u00e1mbaro, las responsabilidades y facultades del o la Oficial Mayor, son los que se se\u00f1alan a continuaci\u00f3n: Art\u00edculo 49. La Oficial\u00eda Mayor es la responsable de dise\u00f1ar, establecer y aplicar en coordinaci\u00f3n con Tesorer\u00eda&hellip;<\/p>\n","protected":false},"author":1,"featured_media":0,"parent":0,"menu_order":0,"comment_status":"closed","ping_status":"closed","template":"","meta":{"om_disable_all_campaigns":false,"_monsterinsights_skip_tracking":false,"_monsterinsights_sitenote_active":false,"_monsterinsights_sitenote_note":"","_monsterinsights_sitenote_category":0,"footnotes":""},"class_list":["post-17568","page","type-page","status-publish","hentry"],"aioseo_notices":[],"rttpg_featured_image_url":null,"rttpg_author":{"display_name":"H. AYUNTAMIENTO DE TACAMBARO","author_link":"https:\/\/tacambaro.gob.mx\/?author=1"},"rttpg_comment":0,"rttpg_category":null,"rttpg_excerpt":"Oficial\u00eda Mayor Lic. Geraldine N\u00fa\u00f1ez Becerra Oficial Mayor De acuerdo a lo publicado en el Reglamento Interno del Gobierno Municipal de Tac\u00e1mbaro, las responsabilidades y facultades del o la Oficial Mayor, son los que se se\u00f1alan a continuaci\u00f3n: Art\u00edculo 49. La Oficial\u00eda Mayor es la responsable de dise\u00f1ar, establecer y aplicar en coordinaci\u00f3n con Tesorer\u00eda&hellip;","_links":{"self":[{"href":"https:\/\/tacambaro.gob.mx\/index.php?rest_route=\/wp\/v2\/pages\/17568","targetHints":{"allow":["GET"]}}],"collection":[{"href":"https:\/\/tacambaro.gob.mx\/index.php?rest_route=\/wp\/v2\/pages"}],"about":[{"href":"https:\/\/tacambaro.gob.mx\/index.php?rest_route=\/wp\/v2\/types\/page"}],"author":[{"embeddable":true,"href":"https:\/\/tacambaro.gob.mx\/index.php?rest_route=\/wp\/v2\/users\/1"}],"replies":[{"embeddable":true,"href":"https:\/\/tacambaro.gob.mx\/index.php?rest_route=%2Fwp%2Fv2%2Fcomments&post=17568"}],"version-history":[{"count":22,"href":"https:\/\/tacambaro.gob.mx\/index.php?rest_route=\/wp\/v2\/pages\/17568\/revisions"}],"predecessor-version":[{"id":19516,"href":"https:\/\/tacambaro.gob.mx\/index.php?rest_route=\/wp\/v2\/pages\/17568\/revisions\/19516"}],"wp:attachment":[{"href":"https:\/\/tacambaro.gob.mx\/index.php?rest_route=%2Fwp%2Fv2%2Fmedia&parent=17568"}],"curies":[{"name":"wp","href":"https:\/\/api.w.org\/{rel}","templated":true}]}}

Oficilía Mayor

<div data-elementor-type="wp-page" data-elementor-id="17568" class="elementor elementor-17568">
				<div class="elementor-element elementor-element-6b53f7f e-flex e-con-boxed e-con e-parent" data-id="6b53f7f" data-element_type="container" data-e-type="container" data-settings="{&quot;background_background&quot;:&quot;classic&quot;,&quot;shape_divider_bottom&quot;:&quot;mountains&quot;}">
					<div class="e-con-inner">
				<div class="elementor-shape elementor-shape-bottom" aria-hidden="true" data-negative="false">
			<svg xmlns="http://www.w3.org/2000/svg" viewBox="0 0 1000 100" preserveAspectRatio="none">
	<path class="elementor-shape-fill" opacity="0.33" d="M473,67.3c-203.9,88.3-263.1-34-320.3,0C66,119.1,0,59.7,0,59.7V0h1000v59.7 c0,0-62.1,26.1-94.9,29.3c-32.8,3.3-62.8-12.3-75.8-22.1C806,49.6,745.3,8.7,694.9,4.7S492.4,59,473,67.3z"/>
	<path class="elementor-shape-fill" opacity="0.66" d="M734,67.3c-45.5,0-77.2-23.2-129.1-39.1c-28.6-8.7-150.3-10.1-254,39.1 s-91.7-34.4-149.2,0C115.7,118.3,0,39.8,0,39.8V0h1000v36.5c0,0-28.2-18.5-92.1-18.5C810.2,18.1,775.7,67.3,734,67.3z"/>
	<path class="elementor-shape-fill" d="M766.1,28.9c-200-57.5-266,65.5-395.1,19.5C242,1.8,242,5.4,184.8,20.6C128,35.8,132.3,44.9,89.9,52.5C28.6,63.7,0,0,0,0 h1000c0,0-9.9,40.9-83.6,48.1S829.6,47,766.1,28.9z"/>
</svg>		</div>
		<div class="elementor-element elementor-element-5d0a1c3 e-con-full e-flex e-con e-child" data-id="5d0a1c3" data-element_type="container" data-e-type="container">
				<div class="elementor-element elementor-element-0a781c1 elementor-widget elementor-widget-heading" data-id="0a781c1" data-element_type="widget" data-e-type="widget" data-widget_type="heading.default">
				<div class="elementor-widget-container">
					<h2 class="elementor-heading-title elementor-size-default">Oficialía Mayor</h2>				</div>
				</div>
				</div>
					</div>
				</div>
		<div class="elementor-element elementor-element-6d6712d e-flex e-con-boxed e-con e-parent" data-id="6d6712d" data-element_type="container" data-e-type="container">
					<div class="e-con-inner">
				<div class="elementor-element elementor-element-2f87d75 elementor-widget elementor-widget-image" data-id="2f87d75" data-element_type="widget" data-e-type="widget" data-widget_type="image.default">
				<div class="elementor-widget-container">
															<img fetchpriority="high" decoding="async" width="1024" height="683" src="https://tacambaro.gob.mx/wp-content/uploads/2025/04/WhatsApp-Image-2025-04-02-at-12.52.11-PM-2-1024x683.jpeg" class="attachment-large size-large wp-image-17652" alt="" />															</div>
				</div>
				<div class="elementor-element elementor-element-cedbbb9 elementor-widget elementor-widget-text-editor" data-id="cedbbb9" data-element_type="widget" data-e-type="widget" data-widget_type="text-editor.default">
				<div class="elementor-widget-container">
									<p>Lic. Geraldine Núñez Becerra <br> 
<strong>Oficial Mayor</strong></p>								</div>
				</div>
					</div>
				</div>
		<div class="elementor-element elementor-element-8ab0a14 e-flex e-con-boxed e-con e-parent" data-id="8ab0a14" data-element_type="container" data-e-type="container">
					<div class="e-con-inner">
				<div class="elementor-element elementor-element-42f186d elementor-widget elementor-widget-text-editor" data-id="42f186d" data-element_type="widget" data-e-type="widget" data-widget_type="text-editor.default">
				<div class="elementor-widget-container">
									<p>De acuerdo a lo publicado en el Reglamento Interno del Gobierno Municipal de Tacámbaro, las responsabilidades y facultades del o la Oficial Mayor, son los que se señalan a continuación:  </p>
<p>Artículo 49. La Oficialía Mayor es la responsable de diseñar, establecer y aplicar en coordinación con Tesorería y la Dirección de Planeación y Evaluación, las políticas y procedimientos para la elaboración y ejecución del Presupuesto de Egresos. Administrar y controlar los recursos humanos, materiales, presupuestales y patrimoniales del Municipio.<br>
Artículo 50. Son facultades del Oficial Mayor:</p>								</div>
				</div>
				<div class="elementor-element elementor-element-afae4f6 elementor-widget elementor-widget-text-editor" data-id="afae4f6" data-element_type="widget" data-e-type="widget" data-widget_type="text-editor.default">
				<div class="elementor-widget-container">
									<p><ul><li>I.	Presentar a la instancia correspondiente el Proyecto de Presupuesto de Egresos de la Oficialía Mayor y el Programa Operativo Anual;</li><li>
II.	Formar parte de los órganos de Gobierno de las Entidades cuando así lo determinen sus respectivos acuerdos de creación o funcionamiento;</li><li>
III.	Coordinar las áreas a su cargo para el Cumplimento del Plan Municipal de Desarrollo;</li><li>
IV.	Coadyuvar con la Tesorería Municipal, en la formulación del Presupuesto Anual de Egresos del Ayuntamiento, en el ámbito de su competencia;</li><li>
V.	Impulsar la modernización integral de los sistemas administrativos y establecer normas y políticas que permitan simplificar los procesos de gestión;</li><li>
VI.	Definir y establecer políticas y lineamientos generales e implementar los mecanismos e instrumentos necesarios para proporcionar oportunamente los recursos solicitados por las diferentes áreas, en el ámbito de su competencia;</li><li>
VII.	Proponer, aplicar y vigilar el cumplimiento del Catálogo General de Puestos y el Tabulador General de Sueldos de conformidad a las Condiciones Generales de Trabajo;</li><li>
VIII.	Establecer un adecuado sistema de administración y desarrollo de personal para reclutar, seleccionar, contratar y capacitar al personal de la Administración Pública Municipal y otorgar los estímulos y reconocimientos conforme al desempeño de los trabajadores;</li><li>
IX.	Implementar y desarrollar el Programa de Capacitación Integral para servidores públicos, coordinándose en su caso, con la Representación Sindical;</li><li>
X.	Otorgar y controlar con apego a la Ley, las prestaciones establecidas en las Condiciones Generales de Trabajo o convenios pactados;</li><li>
XI.	Expedir las órdenes para las erogaciones con cargo al presupuesto de las Dependencias, por concepto de adquisiciones y pago de servicios;</li><li>XII.	Controlar el servicio de mantenimiento de vehículos, maquinaria, mobiliario y equipo para el uso del Ayuntamiento;</li><li>
XIII.	Administrar, controlar y vigilar los bienes almacenados del Ayuntamiento;</li><li>
XIV.	Adquirir los bienes y servicios que requieran para su funcionamiento las diversas Dependencias y, en su caso, celebrar los convenios o contratos para la adquisición, renta o prestación correspondiente, de acuerdo con la normatividad vigente;</li><li>
XV.	Proporcionar los servicios de intendencia y vigilancia, que demanden las Dependencias;</li><li>
XVI.	Formular y manejar el archivo general del personal; y,</li><li>
XVII.	Las demás que le señalen otras normas jurídicas vigentes o que le sean delegadas por la o el Presidente Municipal.</li></ul></p>								</div>
				</div>
				<div class="elementor-element elementor-element-2a468ff elementor-align-center elementor-widget elementor-widget-button" data-id="2a468ff" data-element_type="widget" data-e-type="widget" data-widget_type="button.default">
				<div class="elementor-widget-container">
									<div class="elementor-button-wrapper">
					<a class="elementor-button elementor-button-link elementor-size-sm" href="https://tacambaro.gob.mx/?page_id=17857">
						<span class="elementor-button-content-wrapper">
						<span class="elementor-button-icon">
				<svg aria-hidden="true" class="e-font-icon-svg e-fas-file" viewBox="0 0 384 512" xmlns="http://www.w3.org/2000/svg"><path d="M224 136V0H24C10.7 0 0 10.7 0 24v464c0 13.3 10.7 24 24 24h336c13.3 0 24-10.7 24-24V160H248c-13.2 0-24-10.8-24-24zm160-14.1v6.1H256V0h6.1c6.4 0 12.5 2.5 17 7l97.9 98c4.5 4.5 7 10.6 7 16.9z"></path></svg>			</span>
									<span class="elementor-button-text">Consulta el Tabulador de sueldos 2024 </span>
					</span>
					</a>
				</div>
								</div>
				</div>
				<div class="elementor-element elementor-element-3e3679f elementor-align-center elementor-widget elementor-widget-button" data-id="3e3679f" data-element_type="widget" data-e-type="widget" data-widget_type="button.default">
				<div class="elementor-widget-container">
									<div class="elementor-button-wrapper">
					<a class="elementor-button elementor-button-link elementor-size-sm" href="https://tacambaro.gob.mx/wp-content/uploads/2025/07/TABULADOR-2025-1.xlsx">
						<span class="elementor-button-content-wrapper">
						<span class="elementor-button-icon">
				<svg aria-hidden="true" class="e-font-icon-svg e-fas-file" viewBox="0 0 384 512" xmlns="http://www.w3.org/2000/svg"><path d="M224 136V0H24C10.7 0 0 10.7 0 24v464c0 13.3 10.7 24 24 24h336c13.3 0 24-10.7 24-24V160H248c-13.2 0-24-10.8-24-24zm160-14.1v6.1H256V0h6.1c6.4 0 12.5 2.5 17 7l97.9 98c4.5 4.5 7 10.6 7 16.9z"></path></svg>			</span>
									<span class="elementor-button-text">Consulta el Tabulador de sueldos 2025 </span>
					</span>
					</a>
				</div>
								</div>
				</div>
					</div>
				</div>
				</div>

<p>Oficialía Mayor Lic. Geraldine Núñez Becerra Oficial Mayor De acuerdo a lo publicado en el Reglamento Interno del Gobierno Municipal de Tacámbaro, las responsabilidades y facultades del o la Oficial Mayor, son los que se señalan a continuación: Artículo 49. La Oficialía Mayor es la responsable de diseñar, establecer y aplicar en coordinación con Tesorería&hellip;</p>

Oficialía Mayor Lic. Geraldine Núñez Becerra Oficial Mayor De acuerdo a lo publicado en el Reglamento Interno del Gobierno Municipal de Tacámbaro, las responsabilidades y facultades del o la Oficial Mayor, son los que se señalan a continuación: Artículo 49. La Oficialía Mayor es la responsable de diseñar, establecer y aplicar en coordinación con Tesorería&hellip;
