{"id":17716,"date":"2025-04-03T18:47:16","date_gmt":"2025-04-03T18:47:16","guid":{"rendered":"https:\/\/tacambaro.gob.mx\/?page_id=17716"},"modified":"2025-04-07T20:12:13","modified_gmt":"2025-04-07T20:12:13","slug":"sipinna","status":"publish","type":"page","link":"https:\/\/tacambaro.gob.mx\/?page_id=17716","title":{"rendered":"SIPINNA"},"content":{"rendered":"\t\t<div data-elementor-type=\"wp-page\" data-elementor-id=\"17716\" class=\"elementor elementor-17716\">\n\t\t\t\t<div class=\"elementor-element elementor-element-248e0f9 e-flex e-con-boxed e-con e-parent\" data-id=\"248e0f9\" data-element_type=\"container\" data-e-type=\"container\" data-settings=\"{&quot;background_background&quot;:&quot;classic&quot;,&quot;shape_divider_bottom&quot;:&quot;mountains&quot;}\">\n\t\t\t\t\t<div class=\"e-con-inner\">\n\t\t\t\t<div class=\"elementor-shape elementor-shape-bottom\" aria-hidden=\"true\" data-negative=\"false\">\n\t\t\t<svg xmlns=\"http:\/\/www.w3.org\/2000\/svg\" viewBox=\"0 0 1000 100\" preserveAspectRatio=\"none\">\n\t<path class=\"elementor-shape-fill\" opacity=\"0.33\" d=\"M473,67.3c-203.9,88.3-263.1-34-320.3,0C66,119.1,0,59.7,0,59.7V0h1000v59.7 c0,0-62.1,26.1-94.9,29.3c-32.8,3.3-62.8-12.3-75.8-22.1C806,49.6,745.3,8.7,694.9,4.7S492.4,59,473,67.3z\"\/>\n\t<path class=\"elementor-shape-fill\" opacity=\"0.66\" d=\"M734,67.3c-45.5,0-77.2-23.2-129.1-39.1c-28.6-8.7-150.3-10.1-254,39.1 s-91.7-34.4-149.2,0C115.7,118.3,0,39.8,0,39.8V0h1000v36.5c0,0-28.2-18.5-92.1-18.5C810.2,18.1,775.7,67.3,734,67.3z\"\/>\n\t<path class=\"elementor-shape-fill\" d=\"M766.1,28.9c-200-57.5-266,65.5-395.1,19.5C242,1.8,242,5.4,184.8,20.6C128,35.8,132.3,44.9,89.9,52.5C28.6,63.7,0,0,0,0 h1000c0,0-9.9,40.9-83.6,48.1S829.6,47,766.1,28.9z\"\/>\n<\/svg>\t\t<\/div>\n\t\t\t\t<div class=\"elementor-element elementor-element-371820f elementor-widget elementor-widget-heading\" data-id=\"371820f\" data-element_type=\"widget\" data-e-type=\"widget\" data-widget_type=\"heading.default\">\n\t\t\t\t<div class=\"elementor-widget-container\">\n\t\t\t\t\t<h3 class=\"elementor-heading-title elementor-size-default\">SISTEMA NACIONAL DE PROTECCI\u00d3N INTEGRAL DE NI\u00d1AS, NI\u00d1OS Y ADOLESCENTES (SIPINNA)<\/h3>\t\t\t\t<\/div>\n\t\t\t\t<\/div>\n\t\t\t\t\t<\/div>\n\t\t\t\t<\/div>\n\t\t<div class=\"elementor-element elementor-element-548d31e e-flex e-con-boxed e-con e-parent\" data-id=\"548d31e\" data-element_type=\"container\" data-e-type=\"container\">\n\t\t\t\t\t<div class=\"e-con-inner\">\n\t\t\t\t<div class=\"elementor-element elementor-element-29e5913 elementor-widget elementor-widget-image\" data-id=\"29e5913\" data-element_type=\"widget\" data-e-type=\"widget\" data-widget_type=\"image.default\">\n\t\t\t\t<div class=\"elementor-widget-container\">\n\t\t\t\t\t\t\t\t\t\t\t\t\t\t\t<img fetchpriority=\"high\" decoding=\"async\" width=\"1024\" height=\"683\" src=\"https:\/\/tacambaro.gob.mx\/wp-content\/uploads\/2025\/04\/WhatsApp-Image-2025-04-02-at-1.07.38-PM-1024x683.jpeg\" class=\"attachment-large size-large wp-image-17718\" alt=\"\" \/>\t\t\t\t\t\t\t\t\t\t\t\t\t\t\t<\/div>\n\t\t\t\t<\/div>\n\t\t\t\t<div class=\"elementor-element elementor-element-17e6cc3 elementor-widget elementor-widget-text-editor\" data-id=\"17e6cc3\" data-element_type=\"widget\" data-e-type=\"widget\" data-widget_type=\"text-editor.default\">\n\t\t\t\t<div class=\"elementor-widget-container\">\n\t\t\t\t\t\t\t\t\t<p>Lic. Ana Karen Cort\u00e9s Contreras <BR>\n<strong>Encargada del Departamento de SIPINNA<\/strong><\/p>\t\t\t\t\t\t\t\t<\/div>\n\t\t\t\t<\/div>\n\t\t\t\t<div class=\"elementor-element elementor-element-b2cf386 elementor-widget elementor-widget-text-editor\" data-id=\"b2cf386\" data-element_type=\"widget\" data-e-type=\"widget\" data-widget_type=\"text-editor.default\">\n\t\t\t\t<div class=\"elementor-widget-container\">\n\t\t\t\t\t\t\t\t\t<p>En 2015 por primera vez, el Presidente de la Rep\u00fablica, las autoridades de todas las entidades federativas, los Poderes Legislativo y Judicial, la sociedad civil, el sector privado y acad\u00e9mico, junto a ni\u00f1as, ni\u00f1os y adolescentes, compartieron la misma mesa para hablar sobre sus derechos humanos, formalizando as\u00ed la creaci\u00f3n del Sistema Nacional de Protecci\u00f3n Integral de Ni\u00f1as, Ni\u00f1os y Adolescentes (SIPINNA).<\/p>\n\nCon la creaci\u00f3n del SIPINNA, que responde al mandato de la Ley General de los Derechos de Ni\u00f1as, Ni\u00f1os y Adolescentes (LGDNNA Reforma del 27 mayo 2024), se formaliza un mecanismo que tiene como una de sus principales atribuciones, generar una nueva manera de realizar pol\u00edticas p\u00fablicas desde el m\u00e1s alto nivel de decisi\u00f3n gubernamental donde todas las ni\u00f1as, ni\u00f1os y adolescentes puedan exigir y ejercer sus derechos humanos, ya no como objetos de protecci\u00f3n, sino como responsables de decidir y opinar lo que consideran mejor para ellas y ellos.\t\t\t\t\t\t\t\t<\/div>\n\t\t\t\t<\/div>\n\t\t\t\t\t<\/div>\n\t\t\t\t<\/div>\n\t\t<div class=\"elementor-element elementor-element-8827835 e-flex e-con-boxed e-con e-parent\" data-id=\"8827835\" data-element_type=\"container\" data-e-type=\"container\">\n\t\t\t\t\t<div class=\"e-con-inner\">\n\t\t\t\t<div class=\"elementor-element elementor-element-2fa4ae0 elementor-widget elementor-widget-text-editor\" data-id=\"2fa4ae0\" data-element_type=\"widget\" data-e-type=\"widget\" data-widget_type=\"text-editor.default\">\n\t\t\t\t<div class=\"elementor-widget-container\">\n\t\t\t\t\t\t\t\t\t<p>Con este enfoque, SIPINNA impulsa un cambio de paradigma para garantizar los derechos de 40 millones de ni\u00f1as, ni\u00f1os y adolescentes: un tercio de la poblaci\u00f3n mexicana. Busca coordinar y articular las pol\u00edticas p\u00fablicas de los tres \u00f3rdenes de gobierno dirigidas a ni\u00f1as, ni\u00f1os y adolescentes, que tambi\u00e9n responden a los compromisos internacionales del Estado mexicano.<\/p>\t\t\t\t\t\t\t\t<\/div>\n\t\t\t\t<\/div>\n\t\t\t\t\t<\/div>\n\t\t\t\t<\/div>\n\t\t\t\t<\/div>\n\t\t","protected":false},"excerpt":{"rendered":"<p>SISTEMA NACIONAL DE PROTECCI\u00d3N INTEGRAL DE NI\u00d1AS, NI\u00d1OS Y ADOLESCENTES (SIPINNA) Lic. Ana Karen Cort\u00e9s Contreras Encargada del Departamento de SIPINNA En 2015 por primera vez, el Presidente de la Rep\u00fablica, las autoridades de todas las entidades federativas, los Poderes Legislativo y Judicial, la sociedad civil, el sector privado y acad\u00e9mico, junto a ni\u00f1as, ni\u00f1os&hellip;<\/p>\n","protected":false},"author":1,"featured_media":0,"parent":0,"menu_order":0,"comment_status":"closed","ping_status":"closed","template":"","meta":{"om_disable_all_campaigns":false,"_monsterinsights_skip_tracking":false,"_monsterinsights_sitenote_active":false,"_monsterinsights_sitenote_note":"","_monsterinsights_sitenote_category":0,"footnotes":""},"class_list":["post-17716","page","type-page","status-publish","hentry"],"aioseo_notices":[],"rttpg_featured_image_url":null,"rttpg_author":{"display_name":"H. AYUNTAMIENTO DE TACAMBARO","author_link":"https:\/\/tacambaro.gob.mx\/?author=1"},"rttpg_comment":0,"rttpg_category":null,"rttpg_excerpt":"SISTEMA NACIONAL DE PROTECCI\u00d3N INTEGRAL DE NI\u00d1AS, NI\u00d1OS Y ADOLESCENTES (SIPINNA) Lic. Ana Karen Cort\u00e9s Contreras Encargada del Departamento de SIPINNA En 2015 por primera vez, el Presidente de la Rep\u00fablica, las autoridades de todas las entidades federativas, los Poderes Legislativo y Judicial, la sociedad civil, el sector privado y acad\u00e9mico, junto a ni\u00f1as, ni\u00f1os&hellip;","_links":{"self":[{"href":"https:\/\/tacambaro.gob.mx\/index.php?rest_route=\/wp\/v2\/pages\/17716","targetHints":{"allow":["GET"]}}],"collection":[{"href":"https:\/\/tacambaro.gob.mx\/index.php?rest_route=\/wp\/v2\/pages"}],"about":[{"href":"https:\/\/tacambaro.gob.mx\/index.php?rest_route=\/wp\/v2\/types\/page"}],"author":[{"embeddable":true,"href":"https:\/\/tacambaro.gob.mx\/index.php?rest_route=\/wp\/v2\/users\/1"}],"replies":[{"embeddable":true,"href":"https:\/\/tacambaro.gob.mx\/index.php?rest_route=%2Fwp%2Fv2%2Fcomments&post=17716"}],"version-history":[{"count":7,"href":"https:\/\/tacambaro.gob.mx\/index.php?rest_route=\/wp\/v2\/pages\/17716\/revisions"}],"predecessor-version":[{"id":17785,"href":"https:\/\/tacambaro.gob.mx\/index.php?rest_route=\/wp\/v2\/pages\/17716\/revisions\/17785"}],"wp:attachment":[{"href":"https:\/\/tacambaro.gob.mx\/index.php?rest_route=%2Fwp%2Fv2%2Fmedia&parent=17716"}],"curies":[{"name":"wp","href":"https:\/\/api.w.org\/{rel}","templated":true}]}}

<div data-elementor-type="wp-page" data-elementor-id="17716" class="elementor elementor-17716">
				<div class="elementor-element elementor-element-248e0f9 e-flex e-con-boxed e-con e-parent" data-id="248e0f9" data-element_type="container" data-e-type="container" data-settings="{&quot;background_background&quot;:&quot;classic&quot;,&quot;shape_divider_bottom&quot;:&quot;mountains&quot;}">
					<div class="e-con-inner">
				<div class="elementor-shape elementor-shape-bottom" aria-hidden="true" data-negative="false">
			<svg xmlns="http://www.w3.org/2000/svg" viewBox="0 0 1000 100" preserveAspectRatio="none">
	<path class="elementor-shape-fill" opacity="0.33" d="M473,67.3c-203.9,88.3-263.1-34-320.3,0C66,119.1,0,59.7,0,59.7V0h1000v59.7 c0,0-62.1,26.1-94.9,29.3c-32.8,3.3-62.8-12.3-75.8-22.1C806,49.6,745.3,8.7,694.9,4.7S492.4,59,473,67.3z"/>
	<path class="elementor-shape-fill" opacity="0.66" d="M734,67.3c-45.5,0-77.2-23.2-129.1-39.1c-28.6-8.7-150.3-10.1-254,39.1 s-91.7-34.4-149.2,0C115.7,118.3,0,39.8,0,39.8V0h1000v36.5c0,0-28.2-18.5-92.1-18.5C810.2,18.1,775.7,67.3,734,67.3z"/>
	<path class="elementor-shape-fill" d="M766.1,28.9c-200-57.5-266,65.5-395.1,19.5C242,1.8,242,5.4,184.8,20.6C128,35.8,132.3,44.9,89.9,52.5C28.6,63.7,0,0,0,0 h1000c0,0-9.9,40.9-83.6,48.1S829.6,47,766.1,28.9z"/>
</svg>		</div>
				<div class="elementor-element elementor-element-371820f elementor-widget elementor-widget-heading" data-id="371820f" data-element_type="widget" data-e-type="widget" data-widget_type="heading.default">
				<div class="elementor-widget-container">
					<h3 class="elementor-heading-title elementor-size-default">SISTEMA NACIONAL DE PROTECCIÓN INTEGRAL DE NIÑAS, NIÑOS Y ADOLESCENTES (SIPINNA)</h3>				</div>
				</div>
					</div>
				</div>
		<div class="elementor-element elementor-element-548d31e e-flex e-con-boxed e-con e-parent" data-id="548d31e" data-element_type="container" data-e-type="container">
					<div class="e-con-inner">
				<div class="elementor-element elementor-element-29e5913 elementor-widget elementor-widget-image" data-id="29e5913" data-element_type="widget" data-e-type="widget" data-widget_type="image.default">
				<div class="elementor-widget-container">
															<img fetchpriority="high" decoding="async" width="1024" height="683" src="https://tacambaro.gob.mx/wp-content/uploads/2025/04/WhatsApp-Image-2025-04-02-at-1.07.38-PM-1024x683.jpeg" class="attachment-large size-large wp-image-17718" alt="" />															</div>
				</div>
				<div class="elementor-element elementor-element-17e6cc3 elementor-widget elementor-widget-text-editor" data-id="17e6cc3" data-element_type="widget" data-e-type="widget" data-widget_type="text-editor.default">
				<div class="elementor-widget-container">
									<p>Lic. Ana Karen Cortés Contreras <BR>
<strong>Encargada del Departamento de SIPINNA</strong></p>								</div>
				</div>
				<div class="elementor-element elementor-element-b2cf386 elementor-widget elementor-widget-text-editor" data-id="b2cf386" data-element_type="widget" data-e-type="widget" data-widget_type="text-editor.default">
				<div class="elementor-widget-container">
									<p>En 2015 por primera vez, el Presidente de la República, las autoridades de todas las entidades federativas, los Poderes Legislativo y Judicial, la sociedad civil, el sector privado y académico, junto a niñas, niños y adolescentes, compartieron la misma mesa para hablar sobre sus derechos humanos, formalizando así la creación del Sistema Nacional de Protección Integral de Niñas, Niños y Adolescentes (SIPINNA).</p>

Con la creación del SIPINNA, que responde al mandato de la Ley General de los Derechos de Niñas, Niños y Adolescentes (LGDNNA Reforma del 27 mayo 2024), se formaliza un mecanismo que tiene como una de sus principales atribuciones, generar una nueva manera de realizar políticas públicas desde el más alto nivel de decisión gubernamental donde todas las niñas, niños y adolescentes puedan exigir y ejercer sus derechos humanos, ya no como objetos de protección, sino como responsables de decidir y opinar lo que consideran mejor para ellas y ellos.								</div>
				</div>
					</div>
				</div>
		<div class="elementor-element elementor-element-8827835 e-flex e-con-boxed e-con e-parent" data-id="8827835" data-element_type="container" data-e-type="container">
					<div class="e-con-inner">
				<div class="elementor-element elementor-element-2fa4ae0 elementor-widget elementor-widget-text-editor" data-id="2fa4ae0" data-element_type="widget" data-e-type="widget" data-widget_type="text-editor.default">
				<div class="elementor-widget-container">
									<p>Con este enfoque, SIPINNA impulsa un cambio de paradigma para garantizar los derechos de 40 millones de niñas, niños y adolescentes: un tercio de la población mexicana. Busca coordinar y articular las políticas públicas de los tres órdenes de gobierno dirigidas a niñas, niños y adolescentes, que también responden a los compromisos internacionales del Estado mexicano.</p>								</div>
				</div>
					</div>
				</div>
				</div>

<p>SISTEMA NACIONAL DE PROTECCIÓN INTEGRAL DE NIÑAS, NIÑOS Y ADOLESCENTES (SIPINNA) Lic. Ana Karen Cortés Contreras Encargada del Departamento de SIPINNA En 2015 por primera vez, el Presidente de la República, las autoridades de todas las entidades federativas, los Poderes Legislativo y Judicial, la sociedad civil, el sector privado y académico, junto a niñas, niños&hellip;</p>

SISTEMA NACIONAL DE PROTECCIÓN INTEGRAL DE NIÑAS, NIÑOS Y ADOLESCENTES (SIPINNA) Lic. Ana Karen Cortés Contreras Encargada del Departamento de SIPINNA En 2015 por primera vez, el Presidente de la República, las autoridades de todas las entidades federativas, los Poderes Legislativo y Judicial, la sociedad civil, el sector privado y académico, junto a niñas, niños&hellip;
