{"id":7570,"date":"2019-11-06T16:09:01","date_gmt":"2019-11-06T16:09:01","guid":{"rendered":"http:\/\/tacambaro.gob.mx\/?page_id=7570"},"modified":"2021-02-24T17:59:30","modified_gmt":"2021-02-24T17:59:30","slug":"tercer-trimestre-2019","status":"publish","type":"page","link":"https:\/\/tacambaro.gob.mx\/?page_id=7570","title":{"rendered":"<h1> <strong>TERCER TRIMESTRE 2019 <\/strong><\/h1>"},"content":{"rendered":"<p><a <span style=\"text-decoration: underline;\"><span style=\"color: #DAA520;\"><a style=\"color: #DAA520; text-decoration: underline;\" href=\"http:\/\/tacambaro.gob.mx\/wp-content\/uploads\/2019\/11\/D1.10.pdf\" rel=\"noopener noreferrer\" target=\"_blank\">D1.10. Relaci\u00f3n de las Cuentas Bancarias Productivas Espec\u00edficas<\/a><\/p>\n<p><\/p>\n<p><a <span style=\"text-decoration: underline;\"><span style=\"color: #DAA520;\"><a style=\"color: #DAA520; text-decoration: underline;\" href=\"http:\/\/tacambaro.gob.mx\/wp-content\/uploads\/2019\/11\/D1.11.pdf\" rel=\"noopener noreferrer\" target=\"_blank\">D1.11. Montos efectivamente pagados por concepto de ayudas y subsidios<\/a><br \/>\n<\/p>\n<p><a <span style=\"text-decoration: underline;\"><span style=\"color: #DAA520;\"><a style=\"color: #DAA520; text-decoration: underline;\" href=\"http:\/\/tacambaro.gob.mx\/wp-content\/uploads\/2019\/11\/D1.12-CONCURRENTE.pdf\" rel=\"noopener noreferrer\" target=\"_blank\">D1.12. Informaci\u00f3n de los montos plenamente identificados por orden de gobierno, de los programas en que concurran recursos federales<\/a><br \/>\n<\/p>\n<p>D1.15. Aplicaci\u00f3n de recursos del FAIS<\/p>\n<p><\/p>\n<p><a <span style=\"text-decoration: underline;\"><span style=\"color: #DAA520;\"><a style=\"color: #DAA520; text-decoration: underline;\" href=\"http:\/\/tacambaro.gob.mx\/wp-content\/uploads\/2019\/11\/D1.15_1.pdf\" rel=\"noopener noreferrer\" target=\"_blank\"><\/p>\n<li> 1. Aplicaci\u00f3n de recursos del FAIS <\/li>\n<p><\/a><br \/>\n<\/p>\n<p><a <span style=\"text-decoration: underline;\"><span style=\"color: #DAA520;\"><a style=\"color: #DAA520; text-decoration: underline;\" href=\"http:\/\/tacambaro.gob.mx\/wp-content\/uploads\/2019\/11\/D1.15_2.pdf\" rel=\"noopener noreferrer\" target=\"_blank\"><\/p>\n<li> 2.Aplicaci\u00f3n de recursos del FAIS <\/li>\n<p><\/a><br \/>\n<\/p>\n<p><a <span style=\"text-decoration: underline;\"><span style=\"color: #DAA520;\"><a style=\"color: #DAA520; text-decoration: underline;\" href=\"http:\/\/tacambaro.gob.mx\/wp-content\/uploads\/2019\/11\/D1.15_3.pdf\" rel=\"noopener noreferrer\" target=\"_blank\"><\/p>\n<li> 3.Aplicaci\u00f3n de recursos del FAIS <\/li>\n<p><\/a><\/p>\n<p><\/p>\n<p><a <span style=\"text-decoration: underline;\"><span style=\"color: #DAA520;\"><a style=\"color: #DAA520; text-decoration: underline;\" href=\"http:\/\/tacambaro.gob.mx\/wp-content\/uploads\/2019\/11\/D1.17.pdf\" rel=\"noopener noreferrer\" target=\"_blank\">D1.17. Informaci\u00f3n de aplicaci\u00f3n de recursos del FORTAMUN.<\/a> <\/p>\n<p><\/p>\n<p><a <span style=\"text-decoration: underline;\"><span style=\"color: #DAA520;\"><a style=\"color: #DAA520; text-decoration: underline;\" href=\"http:\/\/tacambaro.gob.mx\/wp-content\/uploads\/2019\/11\/D1.19.pdf\" rel=\"noopener noreferrer\" target=\"_blank\">D1.19. Informaci\u00f3n relativa a las obligaciones que se pagan o garantizan con recursos de fondos federales<\/a><br \/>\n<\/p>\n<p><a <span style=\"text-decoration: underline;\"><span style=\"color: #DAA520;\"><a style=\"color: #DAA520; text-decoration: underline;\" href=\"http:\/\/tacambaro.gob.mx\/wp-content\/uploads\/2019\/11\/D1.20.pdf\" rel=\"noopener noreferrer\" target=\"_blank\">D1.20. Ejercicio y destino de gasto federalizado y reintegros<\/a><\/p>\n<p><\/p>\n<p>D1.22. Resultados de las evaluaciones de los recursos federales ministrados<br \/>\n<\/p>\n<p><a <span style=\"text-decoration: underline;\"><span style=\"color: #DAA520;\"><a style=\"color: #DAA520; text-decoration: underline;\" href=\"http:\/\/tacambaro.gob.mx\/wp-content\/uploads\/2019\/11\/D2.1.pdf\" rel=\"noopener noreferrer\" target=\"_blank\">D2.1. Estado de actividades<\/a><br \/>\n<\/p>\n<p><a <span style=\"text-decoration: underline;\"><span style=\"color: #DAA520;\"><a style=\"color: #DAA520; text-decoration: underline;\" href=\"http:\/\/tacambaro.gob.mx\/wp-content\/uploads\/2019\/11\/D2.2.pdf\" rel=\"noopener noreferrer\" target=\"_blank\">D2.2. Estado de Situaci\u00f3n Financiera<\/a><br \/>\n<\/p>\n<p><a <span style=\"text-decoration: underline;\"><span style=\"color: #DAA520;\"><a style=\"color: #DAA520; text-decoration: underline;\" href=\"http:\/\/tacambaro.gob.mx\/wp-content\/uploads\/2019\/11\/D2.3.pdf\" rel=\"noopener noreferrer\" target=\"_blank\">D2.3. Estado de variaci\u00f3n en la Hacienda p\u00fablica<\/a><br \/>\n<\/p>\n<p><a <span style=\"text-decoration: underline;\"><span style=\"color: #DAA520;\"><a style=\"color: #DAA520; text-decoration: underline;\" href=\"http:\/\/tacambaro.gob.mx\/wp-content\/uploads\/2019\/11\/D2.4.pdf\" rel=\"noopener noreferrer\" target=\"_blank\">D2.4. Estado de cambios en la situaci\u00f3n financiera<\/a><br \/>\n<\/p>\n<p><a <span style=\"text-decoration: underline;\"><span style=\"color: #DAA520;\"><a style=\"color: #DAA520; text-decoration: underline;\" href=\"http:\/\/tacambaro.gob.mx\/wp-content\/uploads\/2019\/11\/D2.5.pdf\" rel=\"noopener noreferrer\" target=\"_blank\">D2.5. Estado de Flujos de Efectivo<\/a><br \/>\n<\/p>\n<p><a <span style=\"text-decoration: underline;\"><span style=\"color: #DAA520;\"><a style=\"color: #DAA520; text-decoration: underline;\" href=\"http:\/\/tacambaro.gob.mx\/wp-content\/uploads\/2019\/11\/D2.6.pdf\" rel=\"noopener noreferrer\" target=\"_blank\">D2.6. Informe sobre pasivos contingentes<\/a><\/p>\n<p><\/p>\n<p>D2.7. Notas a los estados financieros<br \/>\n<\/p>\n<p><a <span style=\"text-decoration: underline;\"><span style=\"color: #DAA520;\"><a style=\"color: #DAA520; text-decoration: underline;\" href=\"http:\/\/tacambaro.gob.mx\/wp-content\/uploads\/2019\/11\/D2.7_1.pdf\" rel=\"noopener noreferrer\" target=\"_blank\"><\/p>\n<li>1. Parte<\/li>\n<p><\/a><br \/>\n<\/p>\n<p><a <span style=\"text-decoration: underline;\"><span style=\"color: #DAA520;\"><a style=\"color: #DAA520; text-decoration: underline;\" href=\"http:\/\/tacambaro.gob.mx\/wp-content\/uploads\/2019\/11\/D2.7_2.pdf\" rel=\"noopener noreferrer\" target=\"_blank\"><\/p>\n<li>2. Parte<\/li>\n<p><\/a><br \/>\n<\/p>\n<p><a <span style=\"text-decoration: underline;\"><span style=\"color: #DAA520;\"><a style=\"color: #DAA520; text-decoration: underline;\" href=\"http:\/\/tacambaro.gob.mx\/wp-content\/uploads\/2019\/11\/D2.7_3.pdf\" rel=\"noopener noreferrer\" target=\"_blank\"><\/p>\n<li>3. Parte<\/li>\n<p><\/a><br \/>\n<\/p>\n<p><a <span style=\"text-decoration: underline;\"><span style=\"color: #DAA520;\"><a style=\"color: #DAA520; text-decoration: underline;\" href=\"http:\/\/tacambaro.gob.mx\/wp-content\/uploads\/2019\/11\/D2.7_4.pdf\" rel=\"noopener noreferrer\" target=\"_blank\"><\/p>\n<li>4. Parte<\/li>\n<p><\/a><\/p>\n<p><\/p>\n<p><a <span style=\"text-decoration: underline;\"><span style=\"color: #DAA520;\"><a style=\"color: #DAA520; text-decoration: underline;\" href=\"http:\/\/tacambaro.gob.mx\/wp-content\/uploads\/2019\/11\/D2.8.pdf\" rel=\"noopener noreferrer\" target=\"_blank\">D2.8. Estado anal\u00edtico del Activo<\/a><br \/>\n<\/p>\n<p><a <span style=\"text-decoration: underline;\"><span style=\"color: #DAA520;\"><a style=\"color: #DAA520; text-decoration: underline;\" href=\"http:\/\/tacambaro.gob.mx\/wp-content\/uploads\/2019\/11\/D2.9.pdf\" rel=\"noopener noreferrer\" target=\"_blank\">D2.9. Estado anal\u00edtico de la deuda y otros pasivos<\/a><br \/>\n<\/p>\n<p><a <span style=\"text-decoration: underline;\"><span style=\"color: #DAA520;\"><a style=\"color: #DAA520; text-decoration: underline;\" href=\"http:\/\/tacambaro.gob.mx\/wp-content\/uploads\/2019\/11\/D3.1-1.pdf\" rel=\"noopener noreferrer\" target=\"_blank\">D3.1. Estado anal\u00edtico de Ingresos<\/a><\/p>\n<p><\/p>\n<p><a <span style=\"text-decoration: underline;\"><span style=\"color: #DAA520;\"><a style=\"color: #DAA520; text-decoration: underline;\" href=\"http:\/\/tacambaro.gob.mx\/wp-content\/uploads\/2019\/11\/D3.2.pdf\" rel=\"noopener noreferrer\" target=\"_blank\">D3.2. Estado anal\u00edtico del ejercicio del presupuesto de egresos clasificaci\u00f3n administrativa<\/a><\/p>\n<p><\/p>\n<p><a <span style=\"text-decoration: underline;\"><span style=\"color: #DAA520;\"><a style=\"color: #DAA520; text-decoration: underline;\" href=\"http:\/\/tacambaro.gob.mx\/wp-content\/uploads\/2019\/11\/D3.3.pdf\" rel=\"noopener noreferrer\" target=\"_blank\">D3.3. Estado anal\u00edtico del ejercicio del presupuesto de egresos clasificaci\u00f3n econ\u00f3mica (tipo de gasto)<\/a><br \/>\n<\/p>\n<p><a <span style=\"text-decoration: underline;\"><span style=\"color: #DAA520;\"><a style=\"color: #DAA520; text-decoration: underline;\" href=\"http:\/\/tacambaro.gob.mx\/wp-content\/uploads\/2019\/11\/D3.4.pdf\" rel=\"noopener noreferrer\" target=\"_blank\">D3.4. Estado anal\u00edtico del ejercicio del presupuesto de egresos clasificaci\u00f3n por objeto de gasto<\/a><br \/>\n<\/p>\n<p><a <span style=\"text-decoration: underline;\"><span style=\"color: #DAA520;\"><a style=\"color: #DAA520; text-decoration: underline;\" href=\"http:\/\/tacambaro.gob.mx\/wp-content\/uploads\/2019\/11\/D3.5.pdf\" rel=\"noopener noreferrer\" target=\"_blank\">D3.5. Estado anal\u00edtico del ejercicio del presupuesto de egresos clasificaci\u00f3n funcional<\/a><\/p>\n<p><\/p>\n<p><a <span style=\"text-decoration: underline;\"><span style=\"color: #DAA520;\"><a style=\"color: #DAA520; text-decoration: underline;\" href=\"http:\/\/tacambaro.gob.mx\/wp-content\/uploads\/2019\/11\/D3.6.pdf\" rel=\"noopener noreferrer\" target=\"_blank\">D3.6. Endeudamiento Neto<\/a><\/p>\n<p><\/p>\n<p><a <span style=\"text-decoration: underline;\"><span style=\"color: #DAA520;\"><a style=\"color: #DAA520; text-decoration: underline;\" href=\"http:\/\/tacambaro.gob.mx\/wp-content\/uploads\/2019\/11\/D3.7.pdf\">D3.7. Intereses de la Deuda<\/a><\/p>\n<p><a <span style=\"text-decoration: underline;\"><span style=\"color: #DAA520;\"><a style=\"color: #DAA520; text-decoration: underline;\" href=\"http:\/\/tacambaro.gob.mx\/wp-content\/uploads\/2019\/11\/D4.1.pdf\" rel=\"noopener noreferrer\" target=\"_blank\">D4.1. Gasto por categor\u00eda program\u00e1tica<\/a><\/p>\n<p><\/p>\n<p><a <span style=\"text-decoration: underline;\"><span style=\"color: #DAA520;\"><a style=\"color: #DAA520; text-decoration: underline;\" href=\"http:\/\/tacambaro.gob.mx\/wp-content\/uploads\/2019\/11\/D4.2-1.pdf\" rel=\"noopener noreferrer\" target=\"_blank\">D4.2. Indicadores de Resultados<\/a><br \/>\n<\/p>\n<p>D4.3. Programas y Proyectos de Inversi\u00f3n<\/p>\n<p><\/p>\n<p>D4.4. cuenta publica<\/p>\n<p><\/p>\n<h1> INFORME TRIMESTRAL <\/h1>\n<p><\/p>\n<p><a <span style=\"text-decoration: underline;\"><span style=\"color: #DAA520;\"><a style=\"color: #DAA520; text-decoration: underline;\" href=\"http:\/\/tacambaro.gob.mx\/wp-content\/uploads\/2019\/11\/Informe-trimestral_1.pdf\" rel=\"noopener noreferrer\" target=\"_blank\"><\/p>\n<li>1. Parte<\/li>\n<p><\/a><br \/>\n<\/p>\n<p><a <span style=\"text-decoration: underline;\"><span style=\"color: #DAA520;\"><a style=\"color: #DAA520; text-decoration: underline;\" href=\"http:\/\/tacambaro.gob.mx\/wp-content\/uploads\/2019\/11\/Informe-trimestral_2.pdf\" rel=\"noopener noreferrer\" target=\"_blank\"><\/p>\n<li>2. Parte<\/li>\n<p><\/a><br \/>\n<\/p>\n<p><a <span style=\"text-decoration: underline;\"><span style=\"color: #DAA520;\"><a style=\"color: #DAA520; text-decoration: underline;\" href=\"http:\/\/tacambaro.gob.mx\/wp-content\/uploads\/2019\/11\/Informe-trimestral_3.pdf\" rel=\"noopener noreferrer\" target=\"_blank\"><\/p>\n<li>3. Parte<\/li>\n<p><\/a><br \/>\n<\/p>\n<p><a <span style=\"text-decoration: underline;\"><span style=\"color: #DAA520;\"><a style=\"color: #DAA520; text-decoration: underline;\" href=\"http:\/\/tacambaro.gob.mx\/wp-content\/uploads\/2019\/11\/Informe-trimestral_4.pdf\" rel=\"noopener noreferrer\" target=\"_blank\"><\/p>\n<li>4. Parte<\/li>\n<p><\/a><br \/>\n<\/p>\n<p><a <span style=\"text-decoration: underline;\"><span style=\"color: #DAA520;\"><a style=\"color: #DAA520; text-decoration: underline;\" href=\"http:\/\/tacambaro.gob.mx\/wp-content\/uploads\/2019\/11\/Informe-trimestral_5.pdf\" rel=\"noopener noreferrer\" target=\"_blank\"><\/p>\n<li>5. Parte<\/li>\n<p><\/a><br \/>\n<\/p>\n<p><a <span style=\"text-decoration: underline;\"><span style=\"color: #DAA520;\"><a style=\"color: #DAA520; text-decoration: underline;\" href=\"http:\/\/tacambaro.gob.mx\/wp-content\/uploads\/2019\/11\/Informe-trimestral_6.pdf\" rel=\"noopener noreferrer\" target=\"_blank\"><\/p>\n<li>6. Parte<\/li>\n<p><\/a><br \/>\n<\/p>\n<p><a <span style=\"text-decoration: underline;\"><span style=\"color: #DAA520;\"><a style=\"color: #DAA520; text-decoration: underline;\" href=\"http:\/\/tacambaro.gob.mx\/wp-content\/uploads\/2019\/11\/Informe-trimestral_7.pdf\" rel=\"noopener noreferrer\" target=\"_blank\"><\/p>\n<li>7. Parte<\/li>\n<p><\/a><br \/>\n<\/p>\n<p><a <span style=\"text-decoration: underline;\"><span style=\"color: #DAA520;\"><a style=\"color: #DAA520; text-decoration: underline;\" href=\"http:\/\/tacambaro.gob.mx\/wp-content\/uploads\/2019\/11\/Informe-trimestral_8.pdf\" rel=\"noopener noreferrer\" target=\"_blank\"><\/p>\n<li>8. Parte<\/li>\n<p><\/a><\/p>\n","protected":false},"excerpt":{"rendered":"","protected":false},"author":1,"featured_media":0,"parent":0,"menu_order":0,"comment_status":"closed","ping_status":"closed","template":"","meta":{"om_disable_all_campaigns":false,"_monsterinsights_skip_tracking":false,"_monsterinsights_sitenote_active":false,"_monsterinsights_sitenote_note":"","_monsterinsights_sitenote_category":0,"footnotes":""},"class_list":["post-7570","page","type-page","status-publish","hentry"],"aioseo_notices":[],"rttpg_featured_image_url":null,"rttpg_author":{"display_name":"H. AYUNTAMIENTO DE TACAMBARO","author_link":"https:\/\/tacambaro.gob.mx\/?author=1"},"rttpg_comment":0,"rttpg_category":null,"rttpg_excerpt":null,"_links":{"self":[{"href":"https:\/\/tacambaro.gob.mx\/index.php?rest_route=\/wp\/v2\/pages\/7570","targetHints":{"allow":["GET"]}}],"collection":[{"href":"https:\/\/tacambaro.gob.mx\/index.php?rest_route=\/wp\/v2\/pages"}],"about":[{"href":"https:\/\/tacambaro.gob.mx\/index.php?rest_route=\/wp\/v2\/types\/page"}],"author":[{"embeddable":true,"href":"https:\/\/tacambaro.gob.mx\/index.php?rest_route=\/wp\/v2\/users\/1"}],"replies":[{"embeddable":true,"href":"https:\/\/tacambaro.gob.mx\/index.php?rest_route=%2Fwp%2Fv2%2Fcomments&post=7570"}],"version-history":[{"count":49,"href":"https:\/\/tacambaro.gob.mx\/index.php?rest_route=\/wp\/v2\/pages\/7570\/revisions"}],"predecessor-version":[{"id":10737,"href":"https:\/\/tacambaro.gob.mx\/index.php?rest_route=\/wp\/v2\/pages\/7570\/revisions\/10737"}],"wp:attachment":[{"href":"https:\/\/tacambaro.gob.mx\/index.php?rest_route=%2Fwp%2Fv2%2Fmedia&parent=7570"}],"curies":[{"name":"wp","href":"https:\/\/api.w.org\/{rel}","templated":true}]}}