{"id":8682,"date":"2020-02-12T18:47:02","date_gmt":"2020-02-12T18:47:02","guid":{"rendered":"http:\/\/tacambaro.gob.mx\/?page_id=8682"},"modified":"2021-02-24T19:30:40","modified_gmt":"2021-02-24T19:30:40","slug":"tesoreria-cuarto-trimestre-2019","status":"publish","type":"page","link":"https:\/\/tacambaro.gob.mx\/?page_id=8682","title":{"rendered":"<h1> <strong> TESORER\u00cdA CUARTO TRIMESTRE 2019 CONAC <\/strong><\/h1>"},"content":{"rendered":"<p><a <span style=\"text-decoration: underline;\"><span style=\"color: #DAA520;\"><a style=\"color: #DAA520; text-decoration: underline;\" href=\"http:\/\/tacambaro.gob.mx\/wp-content\/uploads\/2020\/02\/D1.11.pdf\" rel=\"noopener noreferrer\" target=\"_blank\">D1.11. Montos efectivamente pagados por conceptos de ayudas y subsidios<\/a><br \/>\n<br \/>\n<a <span style=\"text-decoration: underline;\"><span style=\"color: #DAA520;\"><a style=\"color: #DAA520; text-decoration: underline;\" href=\"http:\/\/tacambaro.gob.mx\/wp-content\/uploads\/2020\/02\/D1.12.pdf\" rel=\"noopener noreferrer\" target=\"_blank\">D1.12. Programas con recursos concurrentes por orden de gobierno<\/a><\/p>\n<p>\n<a <span style=\"text-decoration: underline;\"><span style=\"color: #DAA520;\"><a style=\"color: #DAA520; text-decoration: underline;\" href=\"http:\/\/tacambaro.gob.mx\/wp-content\/uploads\/2020\/02\/D1.17.pdf\" rel=\"noopener noreferrer\" target=\"_blank\">D1.17. Avances FORTAMUN <\/a><br \/>\n<br \/>\n<a <span style=\"text-decoration: underline;\"><span style=\"color: #DAA520;\"><a style=\"color: #DAA520; text-decoration: underline;\" href=\"http:\/\/tacambaro.gob.mx\/wp-content\/uploads\/2020\/02\/D1.19.pdf\" rel=\"noopener noreferrer\" target=\"_blank\">D1.19. Obligaciones pagadas o garantizadas con recursos de fondos federales<\/a><\/p>\n<p><a <span style=\"text-decoration: underline;\"><span style=\"color: #DAA520;\"><a style=\"color: #DAA520; text-decoration: underline;\" href=\"http:\/\/tacambaro.gob.mx\/wp-content\/uploads\/2020\/02\/D1.20.pdf\" rel=\"noopener noreferrer\" target=\"_blank\">D1.20. Formato del ejercicio y destino de gasto federalizado y reintegros<\/a><br \/>\n<br \/>\n<a <span style=\"text-decoration: underline;\"><span style=\"color: #DAA520;\"><a style=\"color: #DAA520; text-decoration: underline;\" href=\"http:\/\/tacambaro.gob.mx\/wp-content\/uploads\/2020\/02\/D2.1-1.pdf\" rel=\"noopener noreferrer\" target=\"_blank\">D2.1. Estado de Actividades <\/a><br \/>\n<br \/>\n<a <span style=\"text-decoration: underline;\"><span style=\"color: #DAA520;\"><a style=\"color: #DAA520; text-decoration: underline;\" href=\"http:\/\/tacambaro.gob.mx\/wp-content\/uploads\/2020\/02\/D2.2-1.pdf\" rel=\"noopener noreferrer\" target=\"_blank\">D2.2. Estado de Situaci\u00f3n Financiera  <\/a><br \/>\n<br \/>\n<a <span style=\"text-decoration: underline;\"><span style=\"color: #DAA520;\"><a style=\"color: #DAA520; text-decoration: underline;\" href=\"http:\/\/tacambaro.gob.mx\/wp-content\/uploads\/2020\/02\/D2.3-1.pdf\" rel=\"noopener noreferrer\" target=\"_blank\">D2.3. Estado de Variaci\u00f3n en la Hacienda P\u00fablica  <\/a><br \/>\n<br \/>\n<a <span style=\"text-decoration: underline;\"><span style=\"color: #DAA520;\"><a style=\"color: #DAA520; text-decoration: underline;\" href=\"http:\/\/tacambaro.gob.mx\/wp-content\/uploads\/2020\/02\/D2.4-1.pdf\" rel=\"noopener noreferrer\" target=\"_blank\">D2.4 Estados de cambios en la Situaci\u00f3n Financiera  <\/a><br \/>\n<br \/>\n<a <span style=\"text-decoration: underline;\"><span style=\"color: #DAA520;\"><a style=\"color: #DAA520; text-decoration: underline;\" href=\"http:\/\/tacambaro.gob.mx\/wp-content\/uploads\/2020\/02\/D2.5-1.pdf\" rel=\"noopener noreferrer\" target=\"_blank\">D2.5. Estado de Flujos de Efectivo <\/a><br \/>\n<br \/>\n<a <span style=\"text-decoration: underline;\"><span style=\"color: #DAA520;\"><a style=\"color: #DAA520; text-decoration: underline;\" href=\"http:\/\/tacambaro.gob.mx\/wp-content\/uploads\/2020\/02\/D2.7-1.pdf\" rel=\"noopener noreferrer\" target=\"_blank\">D2.7. Notas de Estados Financieros  <\/a><br \/>\n<br \/>\n<a <span style=\"text-decoration: underline;\"><span style=\"color: #DAA520;\"><a style=\"color: #DAA520; text-decoration: underline;\" href=\"http:\/\/tacambaro.gob.mx\/wp-content\/uploads\/2020\/02\/D2.8-1.pdf\" rel=\"noopener noreferrer\" target=\"_blank\">D2.8. Estado Anal\u00edtico del Activo  <\/a><br \/>\n<br \/>\n<a <span style=\"text-decoration: underline;\"><span style=\"color: #DAA520;\"><a style=\"color: #DAA520; text-decoration: underline;\" href=\"http:\/\/tacambaro.gob.mx\/wp-content\/uploads\/2020\/02\/D2.9-1.pdf\" rel=\"noopener noreferrer\" target=\"_blank\">D2.9. Estado Anal\u00edtico de la deuda y otros pasivos <\/a><br \/>\n<br \/>\n<a <span style=\"text-decoration: underline;\"><span style=\"color: #DAA520;\"><a style=\"color: #DAA520; text-decoration: underline;\" href=\"http:\/\/tacambaro.gob.mx\/wp-content\/uploads\/2020\/02\/D3.1-1.pdf\" rel=\"noopener noreferrer\" target=\"_blank\">D3.1. Estado Anal\u00edtico de Ingresos  <\/a><br \/>\n<br \/>\n<a <span style=\"text-decoration: underline;\"><span style=\"color: #DAA520;\"><a style=\"color: #DAA520; text-decoration: underline;\" href=\"http:\/\/tacambaro.gob.mx\/wp-content\/uploads\/2020\/02\/D3.2-1.pdf\" rel=\"noopener noreferrer\" target=\"_blank\">D3.2. Estado Anal\u00edtico del Ejercicio del Presupuesto de Egresos Clasificaci\u00f3n Administrativa <\/a><br \/>\n<br \/>\n<a <span style=\"text-decoration: underline;\"><span style=\"color: #DAA520;\"><a style=\"color: #DAA520; text-decoration: underline;\" href=\"http:\/\/tacambaro.gob.mx\/wp-content\/uploads\/2020\/02\/D3.3-1.pdf\" rel=\"noopener noreferrer\" target=\"_blank\">D3.3. Estado Anal\u00edtico del Ejercicio del Presupuesto de Egresos Clasificaci\u00f3n Econ\u00f3mica (Tipo de Gasto)  <\/a><br \/>\n<br \/>\n<a <span style=\"text-decoration: underline;\"><span style=\"color: #DAA520;\"><a style=\"color: #DAA520; text-decoration: underline;\" href=\"http:\/\/tacambaro.gob.mx\/wp-content\/uploads\/2020\/02\/D3.4-1.pdf\" rel=\"noopener noreferrer\" target=\"_blank\">D3.4. Estado Anal\u00edtico del Ejercicio del Presupuesto de Egresos Clasificaci\u00f3n por Objeto de Gasto   <\/a><\/p>\n<p>\n<a <span style=\"text-decoration: underline;\"><span style=\"color: #DAA520;\"><a style=\"color: #DAA520; text-decoration: underline;\" href=\"http:\/\/tacambaro.gob.mx\/wp-content\/uploads\/2020\/02\/D3.5-1.pdf\" rel=\"noopener noreferrer\" target=\"_blank\">D3.5. Estado Anal\u00edtico del Ejercicio del Presupuesto de Egresos Clasificaci\u00f3n Funcional   <\/a><br \/>\n<br \/>\n<a <span style=\"text-decoration: underline;\"><span style=\"color: #DAA520;\"><a style=\"color: #DAA520; text-decoration: underline;\" href=\"http:\/\/tacambaro.gob.mx\/wp-content\/uploads\/2020\/02\/D4.1-1.pdf\" rel=\"noopener noreferrer\" target=\"_blank\">D4.1. Gastos por Categor\u00eda Program\u00e1tica <\/a><br \/>\n<br \/>\n<a <span style=\"text-decoration: underline;\"><span style=\"color: #DAA520;\"><a style=\"color: #DAA520; text-decoration: underline;\" href=\"http:\/\/tacambaro.gob.mx\/wp-content\/uploads\/2020\/02\/D4.2.pdf\" rel=\"noopener noreferrer\" target=\"_blank\">D4.2. Indicadores de Resultados <\/a><br \/>\n<br \/>\n<a <span style=\"text-decoration: underline;\"><span style=\"color: #DAA520;\"><a style=\"color: #DAA520; text-decoration: underline;\" href=\"http:\/\/tacambaro.gob.mx\/wp-content\/uploads\/2020\/02\/CCF_000075.pdf\" rel=\"noopener noreferrer\" target=\"_blank\">Bienes  Muebles e Inmuebles <\/a><br \/>\n<br \/>\n<a <span style=\"text-decoration: underline;\"><span style=\"color: #DAA520;\"><a style=\"color: #DAA520; text-decoration: underline;\" href=\"http:\/\/tacambaro.gob.mx\/wp-content\/uploads\/2020\/02\/C2.7.pdf\" rel=\"noopener noreferrer\" target=\"_blank\">C2.7. Cuenta P\u00fablica <\/a><\/p>\n","protected":false},"excerpt":{"rendered":"","protected":false},"author":1,"featured_media":0,"parent":0,"menu_order":0,"comment_status":"closed","ping_status":"closed","template":"","meta":{"om_disable_all_campaigns":false,"_monsterinsights_skip_tracking":false,"_monsterinsights_sitenote_active":false,"_monsterinsights_sitenote_note":"","_monsterinsights_sitenote_category":0,"footnotes":""},"class_list":["post-8682","page","type-page","status-publish","hentry"],"aioseo_notices":[],"rttpg_featured_image_url":null,"rttpg_author":{"display_name":"H. AYUNTAMIENTO DE TACAMBARO","author_link":"https:\/\/tacambaro.gob.mx\/?author=1"},"rttpg_comment":0,"rttpg_category":null,"rttpg_excerpt":null,"_links":{"self":[{"href":"https:\/\/tacambaro.gob.mx\/index.php?rest_route=\/wp\/v2\/pages\/8682","targetHints":{"allow":["GET"]}}],"collection":[{"href":"https:\/\/tacambaro.gob.mx\/index.php?rest_route=\/wp\/v2\/pages"}],"about":[{"href":"https:\/\/tacambaro.gob.mx\/index.php?rest_route=\/wp\/v2\/types\/page"}],"author":[{"embeddable":true,"href":"https:\/\/tacambaro.gob.mx\/index.php?rest_route=\/wp\/v2\/users\/1"}],"replies":[{"embeddable":true,"href":"https:\/\/tacambaro.gob.mx\/index.php?rest_route=%2Fwp%2Fv2%2Fcomments&post=8682"}],"version-history":[{"count":12,"href":"https:\/\/tacambaro.gob.mx\/index.php?rest_route=\/wp\/v2\/pages\/8682\/revisions"}],"predecessor-version":[{"id":10739,"href":"https:\/\/tacambaro.gob.mx\/index.php?rest_route=\/wp\/v2\/pages\/8682\/revisions\/10739"}],"wp:attachment":[{"href":"https:\/\/tacambaro.gob.mx\/index.php?rest_route=%2Fwp%2Fv2%2Fmedia&parent=8682"}],"curies":[{"name":"wp","href":"https:\/\/api.w.org\/{rel}","templated":true}]}}